{"id":21805,"date":"2018-02-23T08:54:05","date_gmt":"2018-02-23T14:54:05","guid":{"rendered":"http:\/\/www.grieta.org.mx\/?page_id=21805"},"modified":"2018-02-23T08:54:05","modified_gmt":"2018-02-23T14:54:05","slug":"tamaulipas","status":"publish","type":"page","link":"https:\/\/www.grieta.org.mx\/index.php\/tamaulipas\/","title":{"rendered":"Tamaulipas"},"content":{"rendered":"","protected":false},"excerpt":{"rendered":"","protected":false},"author":1,"featured_media":21928,"parent":0,"menu_order":0,"comment_status":"closed","ping_status":"closed","template":"tamaulipas_page.php","meta":{"ngg_post_thumbnail":0,"footnotes":""},"class_list":["post-21805","page","type-page","status-publish","has-post-thumbnail","hentry","entry"],"jetpack_sharing_enabled":true,"jetpack_shortlink":"https:\/\/wp.me\/P7ZJR4-5FH","jetpack_likes_enabled":false,"jetpack-related-posts":[{"id":13358,"url":"https:\/\/www.grieta.org.mx\/index.php\/comunicaciones-y-transportes\/","url_meta":{"origin":21805,"position":0},"title":"Comunicaciones y Transportes","author":"grieta","date":"1 junio, 2016","format":false,"excerpt":"El Programa Nacional de Infraestructura (PNI) forma parte del Plan Nacional de Desarrollo cuya versi\u00f3n 2014 \u2013 2018 contempla seis sectores estrat\u00e9gicos: 1. Comunicaciones y transportes, 2. Energ\u00eda, 3. Hidr\u00e1ulico, 4. Salud, 5. Desarrollo urbano y vivienda, y 6. Turismo. En materia de Comunicaciones y Transportes \u00e9ste se divide en\u2026","rel":"","context":"Entrada similar ","block_context":{"text":"Entrada similar ","link":""},"img":{"alt_text":"","src":"https:\/\/i0.wp.com\/www.grieta.org.mx\/wp-content\/uploads\/2018\/03\/14524434_1106112876131411_958039263622046936_o.jpg?resize=350%2C200&ssl=1","width":350,"height":200,"srcset":"https:\/\/i0.wp.com\/www.grieta.org.mx\/wp-content\/uploads\/2018\/03\/14524434_1106112876131411_958039263622046936_o.jpg?resize=350%2C200&ssl=1 1x, https:\/\/i0.wp.com\/www.grieta.org.mx\/wp-content\/uploads\/2018\/03\/14524434_1106112876131411_958039263622046936_o.jpg?resize=525%2C300&ssl=1 1.5x, https:\/\/i0.wp.com\/www.grieta.org.mx\/wp-content\/uploads\/2018\/03\/14524434_1106112876131411_958039263622046936_o.jpg?resize=700%2C400&ssl=1 2x"},"classes":[]},{"id":8687,"url":"https:\/\/www.grieta.org.mx\/index.php\/comunicaciones-y-transportes\/supercarretera-mazatlan-durango-2\/","url_meta":{"origin":21805,"position":1},"title":"Supercarretera Mazatl\u00e1n-Durango","author":"grieta","date":"30 marzo, 2016","format":false,"excerpt":"La supercarretera Durango-Mazatl\u00e1n forma parte del corredor Golfo-Pac\u00edfico ubicado entre Matamoros, Tamaulipas y Mazatl\u00e1n, Sinaloa. Dicho corredor conecta a los estados de Sinaloa, Durango, Coahuila, Nuevo Le\u00f3n y Tamaulipas. Este tramo carretero, que atraviesa la Sierra Madre Occidental, tiene una longitud de 230km e incluy\u00f3 la construcci\u00f3n de 115 obras,\u2026","rel":"","context":"Entrada similar ","block_context":{"text":"Entrada similar ","link":""},"img":{"alt_text":"","src":"https:\/\/i0.wp.com\/www.grieta.org.mx\/wp-content\/uploads\/2018\/03\/14524434_1106112876131411_958039263622046936_o.jpg?resize=350%2C200&ssl=1","width":350,"height":200,"srcset":"https:\/\/i0.wp.com\/www.grieta.org.mx\/wp-content\/uploads\/2018\/03\/14524434_1106112876131411_958039263622046936_o.jpg?resize=350%2C200&ssl=1 1x, https:\/\/i0.wp.com\/www.grieta.org.mx\/wp-content\/uploads\/2018\/03\/14524434_1106112876131411_958039263622046936_o.jpg?resize=525%2C300&ssl=1 1.5x, https:\/\/i0.wp.com\/www.grieta.org.mx\/wp-content\/uploads\/2018\/03\/14524434_1106112876131411_958039263622046936_o.jpg?resize=700%2C400&ssl=1 2x"},"classes":[]},{"id":7423,"url":"https:\/\/www.grieta.org.mx\/index.php\/parques-eolicos\/","url_meta":{"origin":21805,"position":2},"title":"Parques e\u00f3licos","author":"grieta","date":"29 marzo, 2016","format":false,"excerpt":"M\u00e9xico cuenta con uno de los potenciales m\u00e1s altos de generaci\u00f3n de energ\u00eda e\u00f3lica en el mundo. El principal recurso e\u00f3lico en M\u00e9xico se localiza en el Istmo de Tehuantepec, comprendido entre los estados de Oaxaca, Chiapas, Tabasco y Veracruz, donde actualmente se desarrollan los parques e\u00f3licos terrestres a gran\u2026","rel":"","context":"Entrada similar ","block_context":{"text":"Entrada similar ","link":""},"img":{"alt_text":"","src":"https:\/\/i0.wp.com\/www.grieta.org.mx\/wp-content\/uploads\/2018\/03\/14524434_1106112876131411_958039263622046936_o.jpg?resize=350%2C200&ssl=1","width":350,"height":200,"srcset":"https:\/\/i0.wp.com\/www.grieta.org.mx\/wp-content\/uploads\/2018\/03\/14524434_1106112876131411_958039263622046936_o.jpg?resize=350%2C200&ssl=1 1x, https:\/\/i0.wp.com\/www.grieta.org.mx\/wp-content\/uploads\/2018\/03\/14524434_1106112876131411_958039263622046936_o.jpg?resize=525%2C300&ssl=1 1.5x, https:\/\/i0.wp.com\/www.grieta.org.mx\/wp-content\/uploads\/2018\/03\/14524434_1106112876131411_958039263622046936_o.jpg?resize=700%2C400&ssl=1 2x"},"classes":[]},{"id":5838,"url":"https:\/\/www.grieta.org.mx\/index.php\/fracturacion-hidraulica-fracking\/","url_meta":{"origin":21805,"position":3},"title":"Fracturaci\u00f3n Hidr\u00e1ulica (Fracking)","author":"grieta","date":"28 marzo, 2016","format":false,"excerpt":"Esta t\u00e9cnica consiste en la perforaci\u00f3n de un pozo vertical hasta alcanzar la formaci\u00f3n que contiene gas o petr\u00f3leo. Seguidamente, se realizan una serie de perforaciones horizontales en la lutita (roca sedimentaria con cantidades relativamente grandes de material org\u00e1nico), que pueden extenderse por varios kil\u00f3metros en diversas direcciones. A trav\u00e9s\u2026","rel":"","context":"Entrada similar ","block_context":{"text":"Entrada similar ","link":""},"img":{"alt_text":"","src":"https:\/\/i0.wp.com\/www.grieta.org.mx\/wp-content\/uploads\/2018\/03\/14524434_1106112876131411_958039263622046936_o.jpg?resize=350%2C200&ssl=1","width":350,"height":200,"srcset":"https:\/\/i0.wp.com\/www.grieta.org.mx\/wp-content\/uploads\/2018\/03\/14524434_1106112876131411_958039263622046936_o.jpg?resize=350%2C200&ssl=1 1x, https:\/\/i0.wp.com\/www.grieta.org.mx\/wp-content\/uploads\/2018\/03\/14524434_1106112876131411_958039263622046936_o.jpg?resize=525%2C300&ssl=1 1.5x, https:\/\/i0.wp.com\/www.grieta.org.mx\/wp-content\/uploads\/2018\/03\/14524434_1106112876131411_958039263622046936_o.jpg?resize=700%2C400&ssl=1 2x"},"classes":[]},{"id":5881,"url":"https:\/\/www.grieta.org.mx\/index.php\/hidrocarburos\/sistema-de-transporte-de-gas-natural-norte-noroeste\/","url_meta":{"origin":21805,"position":4},"title":"Sistema de Transporte de Gas Natural Norte-Noroeste","author":"grieta","date":"28 marzo, 2016","format":false,"excerpt":"En noviembre de 2012 la Secretar\u00eda de Energ\u00eda anunci\u00f3 el inicio del sistema de Transporte de Gas Natural Norte-Noroeste del pa\u00eds, que constar\u00e1 de cinco segmentos que ya han sido licitados y que tendr\u00e1n una longitud total de 2,324 kil\u00f3metros y una capacidad de transporte de 1,670 millones de pies\u2026","rel":"","context":"Entrada similar ","block_context":{"text":"Entrada similar ","link":""},"img":{"alt_text":"","src":"https:\/\/i0.wp.com\/www.grieta.org.mx\/wp-content\/uploads\/2018\/03\/14524434_1106112876131411_958039263622046936_o.jpg?resize=350%2C200&ssl=1","width":350,"height":200,"srcset":"https:\/\/i0.wp.com\/www.grieta.org.mx\/wp-content\/uploads\/2018\/03\/14524434_1106112876131411_958039263622046936_o.jpg?resize=350%2C200&ssl=1 1x, https:\/\/i0.wp.com\/www.grieta.org.mx\/wp-content\/uploads\/2018\/03\/14524434_1106112876131411_958039263622046936_o.jpg?resize=525%2C300&ssl=1 1.5x, https:\/\/i0.wp.com\/www.grieta.org.mx\/wp-content\/uploads\/2018\/03\/14524434_1106112876131411_958039263622046936_o.jpg?resize=700%2C400&ssl=1 2x"},"classes":[]},{"id":5279,"url":"https:\/\/www.grieta.org.mx\/index.php\/mineria\/","url_meta":{"origin":21805,"position":5},"title":"Miner\u00eda","author":"grieta","date":"26 marzo, 2016","format":false,"excerpt":"En t\u00e9rminos generales, los minerales se clasifican en met\u00e1licos, no met\u00e1licos y energ\u00e9ticos. El 70% del territorio mexicano tiene potencial geol\u00f3gico minero. M\u00e9xico ocupa el segundo lugar a nivel mundial en la producci\u00f3n de Plata, Bismuto y Fluorita; el quinto lugar en Plomo y Diatomita; el sexto lugar en producci\u00f3n\u2026","rel":"","context":"Entrada similar ","block_context":{"text":"Entrada similar ","link":""},"img":{"alt_text":"","src":"https:\/\/i0.wp.com\/www.grieta.org.mx\/wp-content\/uploads\/2018\/03\/14524434_1106112876131411_958039263622046936_o.jpg?resize=350%2C200&ssl=1","width":350,"height":200,"srcset":"https:\/\/i0.wp.com\/www.grieta.org.mx\/wp-content\/uploads\/2018\/03\/14524434_1106112876131411_958039263622046936_o.jpg?resize=350%2C200&ssl=1 1x, https:\/\/i0.wp.com\/www.grieta.org.mx\/wp-content\/uploads\/2018\/03\/14524434_1106112876131411_958039263622046936_o.jpg?resize=525%2C300&ssl=1 1.5x, https:\/\/i0.wp.com\/www.grieta.org.mx\/wp-content\/uploads\/2018\/03\/14524434_1106112876131411_958039263622046936_o.jpg?resize=700%2C400&ssl=1 2x"},"classes":[]}],"_links":{"self":[{"href":"https:\/\/www.grieta.org.mx\/index.php\/wp-json\/wp\/v2\/pages\/21805","targetHints":{"allow":["GET"]}}],"collection":[{"href":"https:\/\/www.grieta.org.mx\/index.php\/wp-json\/wp\/v2\/pages"}],"about":[{"href":"https:\/\/www.grieta.org.mx\/index.php\/wp-json\/wp\/v2\/types\/page"}],"author":[{"embeddable":true,"href":"https:\/\/www.grieta.org.mx\/index.php\/wp-json\/wp\/v2\/users\/1"}],"replies":[{"embeddable":true,"href":"https:\/\/www.grieta.org.mx\/index.php\/wp-json\/wp\/v2\/comments?post=21805"}],"version-history":[{"count":1,"href":"https:\/\/www.grieta.org.mx\/index.php\/wp-json\/wp\/v2\/pages\/21805\/revisions"}],"predecessor-version":[{"id":21806,"href":"https:\/\/www.grieta.org.mx\/index.php\/wp-json\/wp\/v2\/pages\/21805\/revisions\/21806"}],"wp:featuredmedia":[{"embeddable":true,"href":"https:\/\/www.grieta.org.mx\/index.php\/wp-json\/wp\/v2\/media\/21928"}],"wp:attachment":[{"href":"https:\/\/www.grieta.org.mx\/index.php\/wp-json\/wp\/v2\/media?parent=21805"}],"curies":[{"name":"wp","href":"https:\/\/api.w.org\/{rel}","templated":true}]}}