{"id":21793,"date":"2018-02-23T08:48:43","date_gmt":"2018-02-23T14:48:43","guid":{"rendered":"http:\/\/www.grieta.org.mx\/?page_id=21793"},"modified":"2018-02-23T08:48:43","modified_gmt":"2018-02-23T14:48:43","slug":"queretaro","status":"publish","type":"page","link":"https:\/\/www.grieta.org.mx\/index.php\/queretaro\/","title":{"rendered":"Quer\u00e9taro"},"content":{"rendered":"","protected":false},"excerpt":{"rendered":"","protected":false},"author":1,"featured_media":21928,"parent":0,"menu_order":0,"comment_status":"closed","ping_status":"closed","template":"queretaro_page.php","meta":{"ngg_post_thumbnail":0,"footnotes":""},"class_list":["post-21793","page","type-page","status-publish","has-post-thumbnail","hentry","entry"],"jetpack_sharing_enabled":true,"jetpack_shortlink":"https:\/\/wp.me\/P7ZJR4-5Fv","jetpack_likes_enabled":false,"jetpack-related-posts":[{"id":13425,"url":"https:\/\/www.grieta.org.mx\/index.php\/comunicaciones-y-transportes\/autopista-toluca-naucalpan\/","url_meta":{"origin":21793,"position":0},"title":"Autopista Toluca-Naucalp\u00e1n","author":"grieta","date":"2 junio, 2016","format":false,"excerpt":"El proyecto Autopista Naucalpan\u2013Toluca tiene una longitud de 39.3 kil\u00f3metros compuesta por dos segmentos, 34.8 km de carretera de cuota que conecta a Naucalpan con el Libramiento Toluca en la zona Este de la ciudad y 4.5 km que conectan el libramiento a Toluca con el bulevar Aeropuerto, acceso principal\u2026","rel":"","context":"Entrada similar ","block_context":{"text":"Entrada similar ","link":""},"img":{"alt_text":"","src":"https:\/\/i0.wp.com\/www.grieta.org.mx\/wp-content\/uploads\/2018\/03\/14524434_1106112876131411_958039263622046936_o.jpg?resize=350%2C200&ssl=1","width":350,"height":200,"srcset":"https:\/\/i0.wp.com\/www.grieta.org.mx\/wp-content\/uploads\/2018\/03\/14524434_1106112876131411_958039263622046936_o.jpg?resize=350%2C200&ssl=1 1x, https:\/\/i0.wp.com\/www.grieta.org.mx\/wp-content\/uploads\/2018\/03\/14524434_1106112876131411_958039263622046936_o.jpg?resize=525%2C300&ssl=1 1.5x, https:\/\/i0.wp.com\/www.grieta.org.mx\/wp-content\/uploads\/2018\/03\/14524434_1106112876131411_958039263622046936_o.jpg?resize=700%2C400&ssl=1 2x"},"classes":[]},{"id":8572,"url":"https:\/\/www.grieta.org.mx\/index.php\/proyectos-hidricos\/","url_meta":{"origin":21793,"position":1},"title":"Proyectos H\u00eddricos","author":"grieta","date":"30 marzo, 2016","format":false,"excerpt":"M\u00e9xico posee 731 cuencas hidrol\u00f3gicas agrupadas en 37 regiones hidrol\u00f3gicas y 13 regiones mayores de tipo administrativo. De las 37 regiones hidrol\u00f3gicas, las m\u00e1s h\u00famedas son la regi\u00f3n 30: Grijalva\u2013Usumacinta, la 29: Coatzacoalcos, la 28: Papaloapan y la 23: Costa de Chiapas. Los r\u00edos y arroyos del pa\u00eds constituyen una\u2026","rel":"","context":"Entrada similar ","block_context":{"text":"Entrada similar ","link":""},"img":{"alt_text":"","src":"https:\/\/i0.wp.com\/www.grieta.org.mx\/wp-content\/uploads\/2018\/03\/14524434_1106112876131411_958039263622046936_o.jpg?resize=350%2C200&ssl=1","width":350,"height":200,"srcset":"https:\/\/i0.wp.com\/www.grieta.org.mx\/wp-content\/uploads\/2018\/03\/14524434_1106112876131411_958039263622046936_o.jpg?resize=350%2C200&ssl=1 1x, https:\/\/i0.wp.com\/www.grieta.org.mx\/wp-content\/uploads\/2018\/03\/14524434_1106112876131411_958039263622046936_o.jpg?resize=525%2C300&ssl=1 1.5x, https:\/\/i0.wp.com\/www.grieta.org.mx\/wp-content\/uploads\/2018\/03\/14524434_1106112876131411_958039263622046936_o.jpg?resize=700%2C400&ssl=1 2x"},"classes":[]},{"id":4797,"url":"https:\/\/www.grieta.org.mx\/index.php\/jornaleros\/","url_meta":{"origin":21793,"position":2},"title":"Jornaleros","author":"Admin","date":"25 marzo, 2016","format":false,"excerpt":"Los jornaleros agr\u00edcolas son trabajadores temporales del campo que no poseen tierras y que se encargan de la siembra, la cosecha, la recolecci\u00f3n y la preparaci\u00f3n de productos del campo en propiedades ajenas. La contrataci\u00f3n de estos trabajadores est\u00e1 determianda por la estacionalidad en la actividad agr\u00edcola y los factores\u2026","rel":"","context":"Entrada similar ","block_context":{"text":"Entrada similar ","link":""},"img":{"alt_text":"","src":"https:\/\/i0.wp.com\/www.grieta.org.mx\/wp-content\/uploads\/2018\/03\/14524434_1106112876131411_958039263622046936_o.jpg?resize=350%2C200&ssl=1","width":350,"height":200,"srcset":"https:\/\/i0.wp.com\/www.grieta.org.mx\/wp-content\/uploads\/2018\/03\/14524434_1106112876131411_958039263622046936_o.jpg?resize=350%2C200&ssl=1 1x, https:\/\/i0.wp.com\/www.grieta.org.mx\/wp-content\/uploads\/2018\/03\/14524434_1106112876131411_958039263622046936_o.jpg?resize=525%2C300&ssl=1 1.5x, https:\/\/i0.wp.com\/www.grieta.org.mx\/wp-content\/uploads\/2018\/03\/14524434_1106112876131411_958039263622046936_o.jpg?resize=700%2C400&ssl=1 2x"},"classes":[]},{"id":5279,"url":"https:\/\/www.grieta.org.mx\/index.php\/mineria\/","url_meta":{"origin":21793,"position":3},"title":"Miner\u00eda","author":"grieta","date":"26 marzo, 2016","format":false,"excerpt":"En t\u00e9rminos generales, los minerales se clasifican en met\u00e1licos, no met\u00e1licos y energ\u00e9ticos. El 70% del territorio mexicano tiene potencial geol\u00f3gico minero. M\u00e9xico ocupa el segundo lugar a nivel mundial en la producci\u00f3n de Plata, Bismuto y Fluorita; el quinto lugar en Plomo y Diatomita; el sexto lugar en producci\u00f3n\u2026","rel":"","context":"Entrada similar ","block_context":{"text":"Entrada similar ","link":""},"img":{"alt_text":"","src":"https:\/\/i0.wp.com\/www.grieta.org.mx\/wp-content\/uploads\/2018\/03\/14524434_1106112876131411_958039263622046936_o.jpg?resize=350%2C200&ssl=1","width":350,"height":200,"srcset":"https:\/\/i0.wp.com\/www.grieta.org.mx\/wp-content\/uploads\/2018\/03\/14524434_1106112876131411_958039263622046936_o.jpg?resize=350%2C200&ssl=1 1x, https:\/\/i0.wp.com\/www.grieta.org.mx\/wp-content\/uploads\/2018\/03\/14524434_1106112876131411_958039263622046936_o.jpg?resize=525%2C300&ssl=1 1.5x, https:\/\/i0.wp.com\/www.grieta.org.mx\/wp-content\/uploads\/2018\/03\/14524434_1106112876131411_958039263622046936_o.jpg?resize=700%2C400&ssl=1 2x"},"classes":[]},{"id":4579,"url":"https:\/\/www.grieta.org.mx\/index.php\/espejos-de-la-resistencia\/","url_meta":{"origin":21793,"position":4},"title":"Espejos de la resistencia","author":"Admin","date":"24 marzo, 2016","format":false,"excerpt":"2\u00aa. DECLARACI\u00d3N DE LA COMPARTICI\u00d3N CNI- EZLN. SOBRE EL DESPOJO A NUESTROS PUEBLOS, 16 DE AGOSTO 2014 \u201cLa tierra que nos vio nacer, que nos da la vida y finalmente descansamos en ella eternamente. Por eso somos todos los colores que somos, todas las lenguas que hablan nuestros corazones, por\u2026","rel":"","context":"Entrada similar ","block_context":{"text":"Entrada similar ","link":""},"img":{"alt_text":"","src":"https:\/\/i0.wp.com\/www.grieta.org.mx\/wp-content\/uploads\/2021\/06\/13901316_1058071340942172_7269987004380508662_n-1-660x330-600x300-1.jpg?resize=350%2C200&ssl=1","width":350,"height":200,"srcset":"https:\/\/i0.wp.com\/www.grieta.org.mx\/wp-content\/uploads\/2021\/06\/13901316_1058071340942172_7269987004380508662_n-1-660x330-600x300-1.jpg?resize=350%2C200&ssl=1 1x, https:\/\/i0.wp.com\/www.grieta.org.mx\/wp-content\/uploads\/2021\/06\/13901316_1058071340942172_7269987004380508662_n-1-660x330-600x300-1.jpg?resize=525%2C300&ssl=1 1.5x"},"classes":[]}],"_links":{"self":[{"href":"https:\/\/www.grieta.org.mx\/index.php\/wp-json\/wp\/v2\/pages\/21793","targetHints":{"allow":["GET"]}}],"collection":[{"href":"https:\/\/www.grieta.org.mx\/index.php\/wp-json\/wp\/v2\/pages"}],"about":[{"href":"https:\/\/www.grieta.org.mx\/index.php\/wp-json\/wp\/v2\/types\/page"}],"author":[{"embeddable":true,"href":"https:\/\/www.grieta.org.mx\/index.php\/wp-json\/wp\/v2\/users\/1"}],"replies":[{"embeddable":true,"href":"https:\/\/www.grieta.org.mx\/index.php\/wp-json\/wp\/v2\/comments?post=21793"}],"version-history":[{"count":1,"href":"https:\/\/www.grieta.org.mx\/index.php\/wp-json\/wp\/v2\/pages\/21793\/revisions"}],"predecessor-version":[{"id":21794,"href":"https:\/\/www.grieta.org.mx\/index.php\/wp-json\/wp\/v2\/pages\/21793\/revisions\/21794"}],"wp:featuredmedia":[{"embeddable":true,"href":"https:\/\/www.grieta.org.mx\/index.php\/wp-json\/wp\/v2\/media\/21928"}],"wp:attachment":[{"href":"https:\/\/www.grieta.org.mx\/index.php\/wp-json\/wp\/v2\/media?parent=21793"}],"curies":[{"name":"wp","href":"https:\/\/api.w.org\/{rel}","templated":true}]}}

Querétaro

Autopista Toluca-Naucalpán

El proyecto Autopista Naucalpan–Toluca tiene una longitud de 39.3 kilómetros compuesta por dos segmentos, 34.8 km de carretera de cuota que conecta a Naucalpan con el Libramiento Toluca en la zona Este de la ciudad y 4.5 km que conectan el libramiento a Toluca con el bulevar Aeropuerto, acceso principal…

Proyectos Hídricos

México posee 731 cuencas hidrológicas agrupadas en 37 regiones hidrológicas y 13 regiones mayores de tipo administrativo. De las 37 regiones hidrológicas, las más húmedas son la región 30: Grijalva–Usumacinta, la 29: Coatzacoalcos, la 28: Papaloapan y la 23: Costa de Chiapas. Los ríos y arroyos del país constituyen una…

Los jornaleros agrícolas son trabajadores temporales del campo que no poseen tierras y que se encargan de la siembra, la cosecha, la recolección y la preparación de productos del campo en propiedades ajenas. La contratación de estos trabajadores está determianda por la estacionalidad en la actividad agrícola y los factores…

Minería

En términos generales, los minerales se clasifican en metálicos, no metálicos y energéticos. El 70% del territorio mexicano tiene potencial geológico minero. México ocupa el segundo lugar a nivel mundial en la producción de Plata, Bismuto y Fluorita; el quinto lugar en Plomo y Diatomita; el sexto lugar en producción…

2ª. DECLARACIÓN DE LA COMPARTICIÓN CNI- EZLN. SOBRE EL DESPOJO A NUESTROS PUEBLOS, 16 DE AGOSTO 2014 “La tierra que nos vio nacer, que nos da la vida y finalmente descansamos en ella eternamente. Por eso somos todos los colores que somos, todas las lenguas que hablan nuestros corazones, por…
