{"id":43074,"date":"2020-01-15T23:01:27","date_gmt":"2020-01-16T05:01:27","guid":{"rendered":"http:\/\/www.grieta.org.mx\/wp-content\/uploads\/2020\/01\/Vecinos-protestan-en-avenida-Cuauht\u00e9moc-por-ampliaci\u00f3n-de-L\u00ednea-3-del-Metrob\u00fas-cdmx-ene.jpeg"},"modified":"2020-01-15T23:01:27","modified_gmt":"2020-01-16T05:01:27","slug":"vecinos-protestan-en-avenida-cuauhtemoc-por-ampliacion-de-linea-3-del-metrobus-cdmx-ene","status":"inherit","type":"attachment","link":"https:\/\/www.grieta.org.mx\/index.php\/2020\/01\/10\/vecinos-protestan-en-avenida-cuauhtemoc-por-ampliacion-de-linea-3-del-metrobus-ciudad-de-mexico\/vecinos-protestan-en-avenida-cuauhtemoc-por-ampliacion-de-linea-3-del-metrobus-cdmx-ene\/","title":{"rendered":"Vecinos protestan en avenida Cuauht\u00e9moc por ampliaci\u00f3n de L\u00ednea 3 del Metrob\u00fas cdmx ene"},"author":2,"featured_media":0,"comment_status":"closed","ping_status":"closed","template":"","meta":{"ngg_post_thumbnail":0},"class_list":["post-43074","attachment","type-attachment","status-inherit","hentry","entry"],"jetpack_sharing_enabled":true,"jetpack_shortlink":"https:\/\/wp.me\/a7ZJR4-bcK","jetpack_likes_enabled":false,"description":{"rendered":"<p class=\"attachment\"><a href='https:\/\/www.grieta.org.mx\/wp-content\/uploads\/2020\/01\/Vecinos-protestan-en-avenida-Cuauht\u00e9moc-por-ampliaci\u00f3n-de-L\u00ednea-3-del-Metrob\u00fas-cdmx-ene.jpeg'><img loading=\"lazy\" decoding=\"async\" width=\"300\" height=\"187\" src=\"https:\/\/www.grieta.org.mx\/wp-content\/uploads\/2020\/01\/Vecinos-protestan-en-avenida-Cuauht\u00e9moc-por-ampliaci\u00f3n-de-L\u00ednea-3-del-Metrob\u00fas-cdmx-ene-300x187.jpeg\" class=\"attachment-medium size-medium\" alt=\"\" srcset=\"https:\/\/www.grieta.org.mx\/wp-content\/uploads\/2020\/01\/Vecinos-protestan-en-avenida-Cuauht\u00e9moc-por-ampliaci\u00f3n-de-L\u00ednea-3-del-Metrob\u00fas-cdmx-ene-300x187.jpeg 300w, https:\/\/www.grieta.org.mx\/wp-content\/uploads\/2020\/01\/Vecinos-protestan-en-avenida-Cuauht\u00e9moc-por-ampliaci\u00f3n-de-L\u00ednea-3-del-Metrob\u00fas-cdmx-ene-768x478.jpeg 768w, https:\/\/www.grieta.org.mx\/wp-content\/uploads\/2020\/01\/Vecinos-protestan-en-avenida-Cuauht\u00e9moc-por-ampliaci\u00f3n-de-L\u00ednea-3-del-Metrob\u00fas-cdmx-ene-804x500.jpeg 804w, https:\/\/www.grieta.org.mx\/wp-content\/uploads\/2020\/01\/Vecinos-protestan-en-avenida-Cuauht\u00e9moc-por-ampliaci\u00f3n-de-L\u00ednea-3-del-Metrob\u00fas-cdmx-ene.jpeg 958w\" sizes=\"auto, (max-width: 300px) 100vw, 300px\" data-attachment-id=\"43074\" data-permalink=\"https:\/\/www.grieta.org.mx\/index.php\/2020\/01\/10\/vecinos-protestan-en-avenida-cuauhtemoc-por-ampliacion-de-linea-3-del-metrobus-ciudad-de-mexico\/vecinos-protestan-en-avenida-cuauhtemoc-por-ampliacion-de-linea-3-del-metrobus-cdmx-ene\/\" data-orig-file=\"https:\/\/www.grieta.org.mx\/wp-content\/uploads\/2020\/01\/Vecinos-protestan-en-avenida-Cuauht\u00e9moc-por-ampliaci\u00f3n-de-L\u00ednea-3-del-Metrob\u00fas-cdmx-ene.jpeg\" data-orig-size=\"958,596\" data-comments-opened=\"0\" data-image-meta=\"{&quot;aperture&quot;:&quot;0&quot;,&quot;credit&quot;:&quot;&quot;,&quot;camera&quot;:&quot;&quot;,&quot;caption&quot;:&quot;&quot;,&quot;created_timestamp&quot;:&quot;0&quot;,&quot;copyright&quot;:&quot;&quot;,&quot;focal_length&quot;:&quot;0&quot;,&quot;iso&quot;:&quot;0&quot;,&quot;shutter_speed&quot;:&quot;0&quot;,&quot;title&quot;:&quot;&quot;,&quot;orientation&quot;:&quot;0&quot;}\" data-image-title=\"Vecinos protestan en avenida Cuauht\u00e9moc por ampliaci\u00f3n de L\u00ednea 3 del Metrob\u00fas cdmx ene\" data-image-description=\"\" data-image-caption=\"\" data-medium-file=\"https:\/\/www.grieta.org.mx\/wp-content\/uploads\/2020\/01\/Vecinos-protestan-en-avenida-Cuauht\u00e9moc-por-ampliaci\u00f3n-de-L\u00ednea-3-del-Metrob\u00fas-cdmx-ene-300x187.jpeg\" data-large-file=\"https:\/\/www.grieta.org.mx\/wp-content\/uploads\/2020\/01\/Vecinos-protestan-en-avenida-Cuauht\u00e9moc-por-ampliaci\u00f3n-de-L\u00ednea-3-del-Metrob\u00fas-cdmx-ene.jpeg\" \/><\/a><\/p>\n"},"caption":{"rendered":""},"alt_text":"","media_type":"image","mime_type":"image\/jpeg","media_details":{"width":958,"height":596,"file":"2020\/01\/Vecinos-protestan-en-avenida-Cuauht\u00e9moc-por-ampliaci\u00f3n-de-L\u00ednea-3-del-Metrob\u00fas-cdmx-ene.jpeg","sizes":{"thumbnail":{"file":"Vecinos-protestan-en-avenida-Cuauht\u00e9moc-por-ampliaci\u00f3n-de-L\u00ednea-3-del-Metrob\u00fas-cdmx-ene-150x150.jpeg","width":150,"height":150,"mime_type":"image\/jpeg","source_url":"https:\/\/www.grieta.org.mx\/wp-content\/uploads\/2020\/01\/Vecinos-protestan-en-avenida-Cuauht\u00e9moc-por-ampliaci\u00f3n-de-L\u00ednea-3-del-Metrob\u00fas-cdmx-ene-150x150.jpeg"},"medium":{"file":"Vecinos-protestan-en-avenida-Cuauht\u00e9moc-por-ampliaci\u00f3n-de-L\u00ednea-3-del-Metrob\u00fas-cdmx-ene-300x187.jpeg","width":300,"height":187,"mime_type":"image\/jpeg","source_url":"https:\/\/www.grieta.org.mx\/wp-content\/uploads\/2020\/01\/Vecinos-protestan-en-avenida-Cuauht\u00e9moc-por-ampliaci\u00f3n-de-L\u00ednea-3-del-Metrob\u00fas-cdmx-ene-300x187.jpeg"},"medium_large":{"file":"Vecinos-protestan-en-avenida-Cuauht\u00e9moc-por-ampliaci\u00f3n-de-L\u00ednea-3-del-Metrob\u00fas-cdmx-ene-768x478.jpeg","width":768,"height":478,"mime_type":"image\/jpeg","source_url":"https:\/\/www.grieta.org.mx\/wp-content\/uploads\/2020\/01\/Vecinos-protestan-en-avenida-Cuauht\u00e9moc-por-ampliaci\u00f3n-de-L\u00ednea-3-del-Metrob\u00fas-cdmx-ene-768x478.jpeg"},"post-thumbnail":{"file":"Vecinos-protestan-en-avenida-Cuauht\u00e9moc-por-ampliaci\u00f3n-de-L\u00ednea-3-del-Metrob\u00fas-cdmx-ene-130x130.jpeg","width":130,"height":130,"mime_type":"image\/jpeg","source_url":"https:\/\/www.grieta.org.mx\/wp-content\/uploads\/2020\/01\/Vecinos-protestan-en-avenida-Cuauht\u00e9moc-por-ampliaci\u00f3n-de-L\u00ednea-3-del-Metrob\u00fas-cdmx-ene-130x130.jpeg"},"post-cat":{"file":"Vecinos-protestan-en-avenida-Cuauht\u00e9moc-por-ampliaci\u00f3n-de-L\u00ednea-3-del-Metrob\u00fas-cdmx-ene-804x500.jpeg","width":804,"height":500,"mime_type":"image\/jpeg","source_url":"https:\/\/www.grieta.org.mx\/wp-content\/uploads\/2020\/01\/Vecinos-protestan-en-avenida-Cuauht\u00e9moc-por-ampliaci\u00f3n-de-L\u00ednea-3-del-Metrob\u00fas-cdmx-ene-804x500.jpeg"},"full":{"file":"Vecinos-protestan-en-avenida-Cuauht\u00e9moc-por-ampliaci\u00f3n-de-L\u00ednea-3-del-Metrob\u00fas-cdmx-ene.jpeg","width":958,"height":596,"mime_type":"image\/jpeg","source_url":"https:\/\/www.grieta.org.mx\/wp-content\/uploads\/2020\/01\/Vecinos-protestan-en-avenida-Cuauht\u00e9moc-por-ampliaci\u00f3n-de-L\u00ednea-3-del-Metrob\u00fas-cdmx-ene.jpeg"}},"image_meta":{"aperture":"0","credit":"","camera":"","caption":"","created_timestamp":"0","copyright":"","focal_length":"0","iso":"0","shutter_speed":"0","title":"","orientation":"0","keywords":[]}},"post":43073,"source_url":"https:\/\/www.grieta.org.mx\/wp-content\/uploads\/2020\/01\/Vecinos-protestan-en-avenida-Cuauht\u00e9moc-por-ampliaci\u00f3n-de-L\u00ednea-3-del-Metrob\u00fas-cdmx-ene.jpeg","_links":{"self":[{"href":"https:\/\/www.grieta.org.mx\/index.php\/wp-json\/wp\/v2\/media\/43074","targetHints":{"allow":["GET"]}}],"collection":[{"href":"https:\/\/www.grieta.org.mx\/index.php\/wp-json\/wp\/v2\/media"}],"about":[{"href":"https:\/\/www.grieta.org.mx\/index.php\/wp-json\/wp\/v2\/types\/attachment"}],"author":[{"embeddable":true,"href":"https:\/\/www.grieta.org.mx\/index.php\/wp-json\/wp\/v2\/users\/2"}],"replies":[{"embeddable":true,"href":"https:\/\/www.grieta.org.mx\/index.php\/wp-json\/wp\/v2\/comments?post=43074"}],"wp:attached-to":[{"embeddable":true,"post_type":"post","id":43073,"href":"https:\/\/www.grieta.org.mx\/index.php\/wp-json\/wp\/v2\/posts\/43073"}],"curies":[{"name":"wp","href":"https:\/\/api.w.org\/{rel}","templated":true}]}}

http://www.grieta.org.mx/wp-content/uploads/2020/01/Vecinos-protestan-en-avenida-Cuauhtémoc-por-ampliación-de-Línea-3-del-Metrobús-cdmx-ene.jpeg

Vecinos protestan en avenida Cuauhtémoc por ampliación de Línea 3 del Metrobús cdmx ene

<p class="attachment"><a href='https://www.grieta.org.mx/wp-content/uploads/2020/01/Vecinos-protestan-en-avenida-Cuauhtémoc-por-ampliación-de-Línea-3-del-Metrobús-cdmx-ene.jpeg'><img loading="lazy" decoding="async" width="300" height="187" src="https://www.grieta.org.mx/wp-content/uploads/2020/01/Vecinos-protestan-en-avenida-Cuauhtémoc-por-ampliación-de-Línea-3-del-Metrobús-cdmx-ene-300x187.jpeg" class="attachment-medium size-medium" alt="" srcset="https://www.grieta.org.mx/wp-content/uploads/2020/01/Vecinos-protestan-en-avenida-Cuauhtémoc-por-ampliación-de-Línea-3-del-Metrobús-cdmx-ene-300x187.jpeg 300w, https://www.grieta.org.mx/wp-content/uploads/2020/01/Vecinos-protestan-en-avenida-Cuauhtémoc-por-ampliación-de-Línea-3-del-Metrobús-cdmx-ene-768x478.jpeg 768w, https://www.grieta.org.mx/wp-content/uploads/2020/01/Vecinos-protestan-en-avenida-Cuauhtémoc-por-ampliación-de-Línea-3-del-Metrobús-cdmx-ene-804x500.jpeg 804w, https://www.grieta.org.mx/wp-content/uploads/2020/01/Vecinos-protestan-en-avenida-Cuauhtémoc-por-ampliación-de-Línea-3-del-Metrobús-cdmx-ene.jpeg 958w" sizes="auto, (max-width: 300px) 100vw, 300px" data-attachment-id="43074" data-permalink="https://www.grieta.org.mx/index.php/2020/01/10/vecinos-protestan-en-avenida-cuauhtemoc-por-ampliacion-de-linea-3-del-metrobus-ciudad-de-mexico/vecinos-protestan-en-avenida-cuauhtemoc-por-ampliacion-de-linea-3-del-metrobus-cdmx-ene/" data-orig-file="https://www.grieta.org.mx/wp-content/uploads/2020/01/Vecinos-protestan-en-avenida-Cuauhtémoc-por-ampliación-de-Línea-3-del-Metrobús-cdmx-ene.jpeg" data-orig-size="958,596" data-comments-opened="0" data-image-meta="{&quot;aperture&quot;:&quot;0&quot;,&quot;credit&quot;:&quot;&quot;,&quot;camera&quot;:&quot;&quot;,&quot;caption&quot;:&quot;&quot;,&quot;created_timestamp&quot;:&quot;0&quot;,&quot;copyright&quot;:&quot;&quot;,&quot;focal_length&quot;:&quot;0&quot;,&quot;iso&quot;:&quot;0&quot;,&quot;shutter_speed&quot;:&quot;0&quot;,&quot;title&quot;:&quot;&quot;,&quot;orientation&quot;:&quot;0&quot;}" data-image-title="Vecinos protestan en avenida Cuauhtémoc por ampliación de Línea 3 del Metrobús cdmx ene" data-image-description="" data-image-caption="" data-medium-file="https://www.grieta.org.mx/wp-content/uploads/2020/01/Vecinos-protestan-en-avenida-Cuauhtémoc-por-ampliación-de-Línea-3-del-Metrobús-cdmx-ene-300x187.jpeg" data-large-file="https://www.grieta.org.mx/wp-content/uploads/2020/01/Vecinos-protestan-en-avenida-Cuauhtémoc-por-ampliación-de-Línea-3-del-Metrobús-cdmx-ene.jpeg" /></a></p>

2020/01/Vecinos-protestan-en-avenida-Cuauhtémoc-por-ampliación-de-Línea-3-del-Metrobús-cdmx-ene.jpeg

Vecinos-protestan-en-avenida-Cuauhtémoc-por-ampliación-de-Línea-3-del-Metrobús-cdmx-ene-150x150.jpeg

https://www.grieta.org.mx/wp-content/uploads/2020/01/Vecinos-protestan-en-avenida-Cuauhtémoc-por-ampliación-de-Línea-3-del-Metrobús-cdmx-ene-150x150.jpeg

Vecinos-protestan-en-avenida-Cuauhtémoc-por-ampliación-de-Línea-3-del-Metrobús-cdmx-ene-300x187.jpeg

https://www.grieta.org.mx/wp-content/uploads/2020/01/Vecinos-protestan-en-avenida-Cuauhtémoc-por-ampliación-de-Línea-3-del-Metrobús-cdmx-ene-300x187.jpeg

Vecinos-protestan-en-avenida-Cuauhtémoc-por-ampliación-de-Línea-3-del-Metrobús-cdmx-ene-768x478.jpeg

https://www.grieta.org.mx/wp-content/uploads/2020/01/Vecinos-protestan-en-avenida-Cuauhtémoc-por-ampliación-de-Línea-3-del-Metrobús-cdmx-ene-768x478.jpeg

Vecinos-protestan-en-avenida-Cuauhtémoc-por-ampliación-de-Línea-3-del-Metrobús-cdmx-ene-130x130.jpeg

https://www.grieta.org.mx/wp-content/uploads/2020/01/Vecinos-protestan-en-avenida-Cuauhtémoc-por-ampliación-de-Línea-3-del-Metrobús-cdmx-ene-130x130.jpeg

Vecinos-protestan-en-avenida-Cuauhtémoc-por-ampliación-de-Línea-3-del-Metrobús-cdmx-ene-804x500.jpeg

https://www.grieta.org.mx/wp-content/uploads/2020/01/Vecinos-protestan-en-avenida-Cuauhtémoc-por-ampliación-de-Línea-3-del-Metrobús-cdmx-ene-804x500.jpeg

Vecinos-protestan-en-avenida-Cuauhtémoc-por-ampliación-de-Línea-3-del-Metrobús-cdmx-ene.jpeg

https://www.grieta.org.mx/wp-content/uploads/2020/01/Vecinos-protestan-en-avenida-Cuauhtémoc-por-ampliación-de-Línea-3-del-Metrobús-cdmx-ene.jpeg
