{"id":8682,"date":"2016-03-30T23:34:30","date_gmt":"2016-03-30T23:34:30","guid":{"rendered":"http:\/\/50.22.11.12\/~grietaor\/?page_id=8682"},"modified":"2016-05-07T23:23:30","modified_gmt":"2016-05-07T23:23:30","slug":"hidroelectrica-paso-de-la-reina-oaxaca","status":"publish","type":"page","link":"http:\/\/www.grieta.org.mx\/index.php\/proyectos-hidricos\/hidroelectrica-paso-de-la-reina-oaxaca\/","title":{"rendered":"Hidroel\u00e9ctrica Paso de la Reina (Oaxaca)"},"content":{"rendered":"<p>El 24 de marzo de 2006 la CFE anunci\u00f3 oficialmente la construcci\u00f3n de la presa denominada \u201cAprovechamiento Hidr\u00e1ulico de Usos M\u00faltiples Paso de la Reina\u201d en el estado de Oaxaca. La presa tendr\u00eda una cortina de 195 metros y afectar\u00eda directamente 3,100 hect\u00e1reas en 6 municipios y m\u00e1s de 40 localidades. Los municipios y localidades afectadas son Santiago Ixtayutla: San Lucas Atoyaquillo, Las Trojes, Corral de Piedra y La Cuchara; Tataltepec de Vald\u00e9s: Centro, La Tuza, El Ocote o la Palma, El Ocotillo y Plan del Aire; Santiago Jamiltepec: Paso de la Reina, Cuyuche, Charco Nduayoo, La Huichicata, La Humedad, Piedra Ancha, R\u00edo Viejo, San Jos\u00e9 R\u00edo Verde, El Santo, La Esperanza, Emiliano Zapata, Atotonilquillo, Las Palmitas y Piedra Blanca; Santiago Tetepec; Santa Cruz Tihuixte, San Luis Chata\u00f1\u00fa, Guadalupe del Tambor, La Cumbre, El Ocote, Ocotl\u00e1n de Ju\u00e1rez y San Isidro del Parral; Santa Cruz Zenzontepec: Piedra Amarilla, Cerro Aguacate, Cerro Ceniza, Cerro Luna y Templo Viejo; y Villa de Tututepec de Melchor Ocampo: La Ca\u00f1ada, Chacahua, Charco Redondo, El Fais\u00e1n, San Jos\u00e9 del Progreso, La Teja, Yugue y El Azufre<\/p>\n<p>El proyecto Paso de la Reina pretende ubicarse sobre el R\u00edo Verde, aguas arriba de la confluencia con el R\u00edo Leche, el eje de la cortina se localizar\u00eda aproximadamente a un kilometro arriba del poblado de Paso de la Reyna, pr\u00e1cticamente coincidente con la ubicaci\u00f3n de la estaci\u00f3n hidrom\u00e9trica La Canastilla.<\/p>\n<p>El Rio Verde, sitio propuesto para la represa, es una de las cuencas con mayor diversidad biol\u00f3gica y extensa del estado de Oaxaca.<\/p>\n<p>La construcci\u00f3n del proyecto afectar\u00e1 directamente a 17.000 habitantes e indirectamente a otros 97.000 en 43 comunidades mixteco, chatinos, afromexicanos y mestizos de seis regiones costeras. Vastas \u00e1reas de tierras agr\u00edcolas f\u00e9rtiles y el acceso a las fuentes de agua se perder\u00edan, y los defensores comunitarios y ambientalistas argumentan que el proyecto ser\u00eda devastador para la biodiversidad local de la flora y fauna de la regi\u00f3n, entre ellos el Parque Nacional Lagunas de Chacahua.<\/p>\n<p>Con informaci\u00f3n de:<br \/>\n<a href=\"http:\/\/educaoaxaca.org\/images\/PASO_DE_LA_REINA.pdf\" target=\"_blank\">educaoaxaca.org\/images\/PASO_DE_LA_REINA.pdf<\/a><br \/>\n<a href=\"http:\/\/www.cfe.gob.mx\/ConoceCFE\/Desarrollo_Sustentable\/SiteAssets\/Paginas\/Sociedad\/PlaneacionParticipativa.pdf\" target=\"_blank\">www.cfe.gob.mx\/ConoceCFE\/Desarrollo_Sustentable\/SiteAssets\/Paginas\/Sociedad\/PlaneacionParticipativa.pdf<\/a><br \/>\n<a href=\"http:\/\/www.pbi-mexico.org\/los-proyectos\/pbi-mexico\/noticias\/news\/?L=1&#038;tx_ttnews[tt_news]=2722&#038;cHash=092d364f73ce8c826289b50f660307fd\" target=\"_blank\">www.pbi-mexico.org\/los-proyectos\/pbi-mexico\/noticias\/news\/?L=1&#038;tx_ttnews[tt_news]=2722&#038;cHash=092d364f73ce8c826289b50f660307fd<\/a><br \/>\n<a href=\"http:\/\/www.cipamericas.org\/es\/archives\/10518\" target=\"_blank\">www.cipamericas.org\/es\/archives\/10518<\/a><\/p>\n","protected":false},"excerpt":{"rendered":"<p>El 24 de marzo de 2006 la CFE anunci\u00f3 oficialmente la construcci\u00f3n de la presa denominada \u201cAprovechamiento Hidr\u00e1ulico de Usos M\u00faltiples Paso de la Reina\u201d en el estado de Oaxaca. &hellip; <a href=\"http:\/\/www.grieta.org.mx\/index.php\/proyectos-hidricos\/hidroelectrica-paso-de-la-reina-oaxaca\/\" class=\"more-link\">Leer m\u00e1s<\/a><\/p>\n","protected":false},"author":2,"featured_media":21928,"parent":8572,"menu_order":0,"comment_status":"closed","ping_status":"closed","template":"","meta":{"ngg_post_thumbnail":0,"footnotes":""},"class_list":["post-8682","page","type-page","status-publish","has-post-thumbnail","hentry","entry"],"jetpack_sharing_enabled":true,"jetpack_shortlink":"https:\/\/wp.me\/P7ZJR4-2g2","jetpack_likes_enabled":false,"jetpack-related-posts":[{"id":8656,"url":"http:\/\/www.grieta.org.mx\/index.php\/proyectos-hidricos\/hidorelectrica-paso-de-la-reina-oaxaca\/","url_meta":{"origin":8682,"position":0},"title":"Hidroel\u00e9ctrica Paso de la Reina (Oaxaca)","author":"grieta","date":"30 marzo, 2016","format":false,"excerpt":"El 24 de marzo de 2006 la CFE anunci\u00f3 oficialmente la construcci\u00f3n de la presa denominada \u201cAprovechamiento Hidr\u00e1ulico de Usos M\u00faltiples Paso de la Reina\u201d en el estado de Oaxaca. La presa tendr\u00eda una cortina de 195 metros y afectar\u00eda directamente 3,100 hect\u00e1reas en 6 municipios y m\u00e1s de 40\u2026","rel":"","context":"Entrada similar ","block_context":{"text":"Entrada similar ","link":""},"img":{"alt_text":"","src":"https:\/\/i0.wp.com\/www.grieta.org.mx\/wp-content\/uploads\/2018\/03\/14524434_1106112876131411_958039263622046936_o.jpg?resize=350%2C200","width":350,"height":200,"srcset":"https:\/\/i0.wp.com\/www.grieta.org.mx\/wp-content\/uploads\/2018\/03\/14524434_1106112876131411_958039263622046936_o.jpg?resize=350%2C200 1x, https:\/\/i0.wp.com\/www.grieta.org.mx\/wp-content\/uploads\/2018\/03\/14524434_1106112876131411_958039263622046936_o.jpg?resize=525%2C300 1.5x, https:\/\/i0.wp.com\/www.grieta.org.mx\/wp-content\/uploads\/2018\/03\/14524434_1106112876131411_958039263622046936_o.jpg?resize=700%2C400 2x"},"classes":[]},{"id":8631,"url":"http:\/\/www.grieta.org.mx\/index.php\/proyectos-hidricos\/presa-la-maroma-slp\/","url_meta":{"origin":8682,"position":1},"title":"Presa La Maroma (SLP)","author":"grieta","date":"30 marzo, 2016","format":false,"excerpt":"El proyecto consiste en la construcci\u00f3n de una presa de almacenamiento de agua para uso domiciliario y agr\u00edcola que tendr\u00eda una capacidad aproximada de 3Mm3 y que aprovechar\u00eda los escurrimientos superficiales del r\u00edo Jord\u00e1n. El proyecto contempla adem\u00e1s la construcci\u00f3n de un acueducto de 30km de longitud, 0,12m de di\u00e1metro\u2026","rel":"","context":"Entrada similar ","block_context":{"text":"Entrada similar ","link":""},"img":{"alt_text":"","src":"https:\/\/i0.wp.com\/www.grieta.org.mx\/wp-content\/uploads\/2018\/03\/14524434_1106112876131411_958039263622046936_o.jpg?resize=350%2C200","width":350,"height":200,"srcset":"https:\/\/i0.wp.com\/www.grieta.org.mx\/wp-content\/uploads\/2018\/03\/14524434_1106112876131411_958039263622046936_o.jpg?resize=350%2C200 1x, https:\/\/i0.wp.com\/www.grieta.org.mx\/wp-content\/uploads\/2018\/03\/14524434_1106112876131411_958039263622046936_o.jpg?resize=525%2C300 1.5x, https:\/\/i0.wp.com\/www.grieta.org.mx\/wp-content\/uploads\/2018\/03\/14524434_1106112876131411_958039263622046936_o.jpg?resize=700%2C400 2x"},"classes":[]},{"id":8610,"url":"http:\/\/www.grieta.org.mx\/index.php\/proyectos-hidricos\/presa-picachos-sinaloa\/","url_meta":{"origin":8682,"position":2},"title":"Presa Picachos (Sinaloa)","author":"grieta","date":"30 marzo, 2016","format":false,"excerpt":"La Presa Picachos, inaugurada en noviembre de 2012, se ubica al sur de Sinaloa sobre la cuenca del r\u00edo Presidio en los municipios de Mazatl\u00e1n y Concordia. Esta presa forma parte del Plan Hidrol\u00f3gico del Noreste (PLINHO) el cual propone la interconexi\u00f3n de las cuencas hidrol\u00f3gicas de 16 r\u00edos consecutivos\u2026","rel":"","context":"Entrada similar ","block_context":{"text":"Entrada similar ","link":""},"img":{"alt_text":"","src":"https:\/\/i0.wp.com\/www.grieta.org.mx\/wp-content\/uploads\/2018\/03\/14524434_1106112876131411_958039263622046936_o.jpg?resize=350%2C200","width":350,"height":200,"srcset":"https:\/\/i0.wp.com\/www.grieta.org.mx\/wp-content\/uploads\/2018\/03\/14524434_1106112876131411_958039263622046936_o.jpg?resize=350%2C200 1x, https:\/\/i0.wp.com\/www.grieta.org.mx\/wp-content\/uploads\/2018\/03\/14524434_1106112876131411_958039263622046936_o.jpg?resize=525%2C300 1.5x, https:\/\/i0.wp.com\/www.grieta.org.mx\/wp-content\/uploads\/2018\/03\/14524434_1106112876131411_958039263622046936_o.jpg?resize=700%2C400 2x"},"classes":[]},{"id":8650,"url":"http:\/\/www.grieta.org.mx\/index.php\/proyectos-hidricos\/la-parota-guerrero\/","url_meta":{"origin":8682,"position":3},"title":"Hidroel\u00e9ctrica La Parota (Guerrero)","author":"grieta","date":"30 marzo, 2016","format":false,"excerpt":"El proyecto hidroel\u00e9ctrico La Parota se ubica en la cuenca del r\u00edo Papagayo, en los municipios Acapulco, San Marcos, Juan R. Escudero y Tecoanapa, del estado de Guerrero y es uno de los proyectos hidroel\u00e9ctricos m\u00e1s grandes que se plantea construir en el hemisferio. \u00c9ste consiste en una central hidroel\u00e9ctrica\u2026","rel":"","context":"Entrada similar ","block_context":{"text":"Entrada similar ","link":""},"img":{"alt_text":"","src":"https:\/\/i0.wp.com\/www.grieta.org.mx\/wp-content\/uploads\/2018\/03\/14524434_1106112876131411_958039263622046936_o.jpg?resize=350%2C200","width":350,"height":200,"srcset":"https:\/\/i0.wp.com\/www.grieta.org.mx\/wp-content\/uploads\/2018\/03\/14524434_1106112876131411_958039263622046936_o.jpg?resize=350%2C200 1x, https:\/\/i0.wp.com\/www.grieta.org.mx\/wp-content\/uploads\/2018\/03\/14524434_1106112876131411_958039263622046936_o.jpg?resize=525%2C300 1.5x, https:\/\/i0.wp.com\/www.grieta.org.mx\/wp-content\/uploads\/2018\/03\/14524434_1106112876131411_958039263622046936_o.jpg?resize=700%2C400 2x"},"classes":[]},{"id":8572,"url":"http:\/\/www.grieta.org.mx\/index.php\/proyectos-hidricos\/","url_meta":{"origin":8682,"position":4},"title":"Proyectos H\u00eddricos","author":"grieta","date":"30 marzo, 2016","format":false,"excerpt":"M\u00e9xico posee 731 cuencas hidrol\u00f3gicas agrupadas en 37 regiones hidrol\u00f3gicas y 13 regiones mayores de tipo administrativo. De las 37 regiones hidrol\u00f3gicas, las m\u00e1s h\u00famedas son la regi\u00f3n 30: Grijalva\u2013Usumacinta, la 29: Coatzacoalcos, la 28: Papaloapan y la 23: Costa de Chiapas. Los r\u00edos y arroyos del pa\u00eds constituyen una\u2026","rel":"","context":"Entrada similar ","block_context":{"text":"Entrada similar ","link":""},"img":{"alt_text":"","src":"https:\/\/i0.wp.com\/www.grieta.org.mx\/wp-content\/uploads\/2018\/03\/14524434_1106112876131411_958039263622046936_o.jpg?resize=350%2C200","width":350,"height":200,"srcset":"https:\/\/i0.wp.com\/www.grieta.org.mx\/wp-content\/uploads\/2018\/03\/14524434_1106112876131411_958039263622046936_o.jpg?resize=350%2C200 1x, https:\/\/i0.wp.com\/www.grieta.org.mx\/wp-content\/uploads\/2018\/03\/14524434_1106112876131411_958039263622046936_o.jpg?resize=525%2C300 1.5x, https:\/\/i0.wp.com\/www.grieta.org.mx\/wp-content\/uploads\/2018\/03\/14524434_1106112876131411_958039263622046936_o.jpg?resize=700%2C400 2x"},"classes":[]},{"id":8623,"url":"http:\/\/www.grieta.org.mx\/index.php\/proyectos-hidricos\/presa-y-acueducto-del-zapotillo-jalisco\/","url_meta":{"origin":8682,"position":5},"title":"Presa y Acueducto del Zapotillo (Jalisco)","author":"grieta","date":"30 marzo, 2016","format":false,"excerpt":"El proyecto El Zapotillo incluye la construcci\u00f3n sobre el R\u00edo Verde, en los municipios de ca\u00f1adas de Obreg\u00f3n y Yahualica de Gonz\u00e1lez Gallo, Jalisco, de una cortina de gravedad de 105 metros de concreto, acueducto de 140 kil\u00f3metros y 2.54 metros de di\u00e1metro, y una planta potabilizadora, dos plantas de\u2026","rel":"","context":"Entrada similar ","block_context":{"text":"Entrada similar ","link":""},"img":{"alt_text":"","src":"https:\/\/i0.wp.com\/www.grieta.org.mx\/wp-content\/uploads\/2018\/03\/14524434_1106112876131411_958039263622046936_o.jpg?resize=350%2C200","width":350,"height":200,"srcset":"https:\/\/i0.wp.com\/www.grieta.org.mx\/wp-content\/uploads\/2018\/03\/14524434_1106112876131411_958039263622046936_o.jpg?resize=350%2C200 1x, https:\/\/i0.wp.com\/www.grieta.org.mx\/wp-content\/uploads\/2018\/03\/14524434_1106112876131411_958039263622046936_o.jpg?resize=525%2C300 1.5x, https:\/\/i0.wp.com\/www.grieta.org.mx\/wp-content\/uploads\/2018\/03\/14524434_1106112876131411_958039263622046936_o.jpg?resize=700%2C400 2x"},"classes":[]}],"_links":{"self":[{"href":"http:\/\/www.grieta.org.mx\/index.php\/wp-json\/wp\/v2\/pages\/8682","targetHints":{"allow":["GET"]}}],"collection":[{"href":"http:\/\/www.grieta.org.mx\/index.php\/wp-json\/wp\/v2\/pages"}],"about":[{"href":"http:\/\/www.grieta.org.mx\/index.php\/wp-json\/wp\/v2\/types\/page"}],"author":[{"embeddable":true,"href":"http:\/\/www.grieta.org.mx\/index.php\/wp-json\/wp\/v2\/users\/2"}],"replies":[{"embeddable":true,"href":"http:\/\/www.grieta.org.mx\/index.php\/wp-json\/wp\/v2\/comments?post=8682"}],"version-history":[{"count":1,"href":"http:\/\/www.grieta.org.mx\/index.php\/wp-json\/wp\/v2\/pages\/8682\/revisions"}],"predecessor-version":[{"id":8683,"href":"http:\/\/www.grieta.org.mx\/index.php\/wp-json\/wp\/v2\/pages\/8682\/revisions\/8683"}],"up":[{"embeddable":true,"href":"http:\/\/www.grieta.org.mx\/index.php\/wp-json\/wp\/v2\/pages\/8572"}],"wp:featuredmedia":[{"embeddable":true,"href":"http:\/\/www.grieta.org.mx\/index.php\/wp-json\/wp\/v2\/media\/21928"}],"wp:attachment":[{"href":"http:\/\/www.grieta.org.mx\/index.php\/wp-json\/wp\/v2\/media?parent=8682"}],"curies":[{"name":"wp","href":"https:\/\/api.w.org\/{rel}","templated":true}]}}

Hidroeléctrica Paso de la Reina (Oaxaca)

<p>El 24 de marzo de 2006 la CFE anunció oficialmente la construcción de la presa denominada “Aprovechamiento Hidráulico de Usos Múltiples Paso de la Reina” en el estado de Oaxaca. La presa tendría una cortina de 195 metros y afectaría directamente 3,100 hectáreas en 6 municipios y más de 40 localidades. Los municipios y localidades afectadas son Santiago Ixtayutla: San Lucas Atoyaquillo, Las Trojes, Corral de Piedra y La Cuchara; Tataltepec de Valdés: Centro, La Tuza, El Ocote o la Palma, El Ocotillo y Plan del Aire; Santiago Jamiltepec: Paso de la Reina, Cuyuche, Charco Nduayoo, La Huichicata, La Humedad, Piedra Ancha, Río Viejo, San José Río Verde, El Santo, La Esperanza, Emiliano Zapata, Atotonilquillo, Las Palmitas y Piedra Blanca; Santiago Tetepec; Santa Cruz Tihuixte, San Luis Chatañú, Guadalupe del Tambor, La Cumbre, El Ocote, Ocotlán de Juárez y San Isidro del Parral; Santa Cruz Zenzontepec: Piedra Amarilla, Cerro Aguacate, Cerro Ceniza, Cerro Luna y Templo Viejo; y Villa de Tututepec de Melchor Ocampo: La Cañada, Chacahua, Charco Redondo, El Faisán, San José del Progreso, La Teja, Yugue y El Azufre</p>
<p>El proyecto Paso de la Reina pretende ubicarse sobre el Río Verde, aguas arriba de la confluencia con el Río Leche, el eje de la cortina se localizaría aproximadamente a un kilometro arriba del poblado de Paso de la Reyna, prácticamente coincidente con la ubicación de la estación hidrométrica La Canastilla.</p>
<p>El Rio Verde, sitio propuesto para la represa, es una de las cuencas con mayor diversidad biológica y extensa del estado de Oaxaca.</p>
<p>La construcción del proyecto afectará directamente a 17.000 habitantes e indirectamente a otros 97.000 en 43 comunidades mixteco, chatinos, afromexicanos y mestizos de seis regiones costeras. Vastas áreas de tierras agrícolas fértiles y el acceso a las fuentes de agua se perderían, y los defensores comunitarios y ambientalistas argumentan que el proyecto sería devastador para la biodiversidad local de la flora y fauna de la región, entre ellos el Parque Nacional Lagunas de Chacahua.</p>
<p>Con información de:<br />
<a href="http://educaoaxaca.org/images/PASO_DE_LA_REINA.pdf" target="_blank">educaoaxaca.org/images/PASO_DE_LA_REINA.pdf</a><br />
<a href="http://www.cfe.gob.mx/ConoceCFE/Desarrollo_Sustentable/SiteAssets/Paginas/Sociedad/PlaneacionParticipativa.pdf" target="_blank">www.cfe.gob.mx/ConoceCFE/Desarrollo_Sustentable/SiteAssets/Paginas/Sociedad/PlaneacionParticipativa.pdf</a><br />
<a href="http://www.pbi-mexico.org/los-proyectos/pbi-mexico/noticias/news/?L=1&#038;tx_ttnews[tt_news]=2722&#038;cHash=092d364f73ce8c826289b50f660307fd" target="_blank">www.pbi-mexico.org/los-proyectos/pbi-mexico/noticias/news/?L=1&#038;tx_ttnews[tt_news]=2722&#038;cHash=092d364f73ce8c826289b50f660307fd</a><br />
<a href="http://www.cipamericas.org/es/archives/10518" target="_blank">www.cipamericas.org/es/archives/10518</a></p>

<p>El 24 de marzo de 2006 la CFE anunció oficialmente la construcción de la presa denominada “Aprovechamiento Hidráulico de Usos Múltiples Paso de la Reina” en el estado de Oaxaca. &hellip; <a href="http://www.grieta.org.mx/index.php/proyectos-hidricos/hidroelectrica-paso-de-la-reina-oaxaca/" class="more-link">Leer más</a></p>

El 24 de marzo de 2006 la CFE anunció oficialmente la construcción de la presa denominada “Aprovechamiento Hidráulico de Usos Múltiples Paso de la Reina” en el estado de Oaxaca. La presa tendría una cortina de 195 metros y afectaría directamente 3,100 hectáreas en 6 municipios y más de 40…

El proyecto consiste en la construcción de una presa de almacenamiento de agua para uso domiciliario y agrícola que tendría una capacidad aproximada de 3Mm3 y que aprovecharía los escurrimientos superficiales del río Jordán. El proyecto contempla además la construcción de un acueducto de 30km de longitud, 0,12m de diámetro…

La Presa Picachos, inaugurada en noviembre de 2012, se ubica al sur de Sinaloa sobre la cuenca del río Presidio en los municipios de Mazatlán y Concordia. Esta presa forma parte del Plan Hidrológico del Noreste (PLINHO) el cual propone la interconexión de las cuencas hidrológicas de 16 ríos consecutivos…

Hidroeléctrica La Parota (Guerrero)

El proyecto hidroeléctrico La Parota se ubica en la cuenca del río Papagayo, en los municipios Acapulco, San Marcos, Juan R. Escudero y Tecoanapa, del estado de Guerrero y es uno de los proyectos hidroeléctricos más grandes que se plantea construir en el hemisferio. Éste consiste en una central hidroeléctrica…

Proyectos Hídricos

México posee 731 cuencas hidrológicas agrupadas en 37 regiones hidrológicas y 13 regiones mayores de tipo administrativo. De las 37 regiones hidrológicas, las más húmedas son la región 30: Grijalva–Usumacinta, la 29: Coatzacoalcos, la 28: Papaloapan y la 23: Costa de Chiapas. Los ríos y arroyos del país constituyen una…

El proyecto El Zapotillo incluye la construcción sobre el Río Verde, en los municipios de cañadas de Obregón y Yahualica de González Gallo, Jalisco, de una cortina de gravedad de 105 metros de concreto, acueducto de 140 kilómetros y 2.54 metros de diámetro, y una planta potabilizadora, dos plantas de…
