{"id":7423,"date":"2016-03-29T17:57:27","date_gmt":"2016-03-29T17:57:27","guid":{"rendered":"http:\/\/50.22.11.12\/~grietaor\/?page_id=7423"},"modified":"2016-06-10T00:48:56","modified_gmt":"2016-06-10T00:48:56","slug":"parques-eolicos","status":"publish","type":"page","link":"http:\/\/www.grieta.org.mx\/index.php\/parques-eolicos\/","title":{"rendered":"Parques e\u00f3licos"},"content":{"rendered":"<p>M\u00e9xico cuenta con uno de los potenciales m\u00e1s altos de generaci\u00f3n de energ\u00eda e\u00f3lica en el mundo. El principal recurso e\u00f3lico en M\u00e9xico se localiza en el Istmo de Tehuantepec, comprendido entre los estados de Oaxaca, Chiapas, Tabasco y Veracruz, donde actualmente se desarrollan los parques e\u00f3licos terrestres a gran escala que integran el Corredor E\u00f3lico del Istmo de Tehuantepec.Otras regiones con vientos t\u00e9cnicamente aprovechables para la generaci\u00f3n de electricidad se encuentran ubicadas en los estados de Baja California, Baja California Sur, Tamaulipas, Veracruz, Zacatecas, Hidalgo, Yucat\u00e1n, y Quintana Roo.<\/p>\n<p>Actualmente existen 31 parques e\u00f3licos en operaci\u00f3n en M\u00e9xico. Las principales empresas privadas inversoras en proyectos e\u00f3licos en M\u00e9xico son: la francesa EDF, la italiana ENEL, la australiana Fondo de Infraestructura MacQuaire, la holandesa PGGM, la japonesa Mitsubishi, las espa\u00f1olas Iberdrola, Gamesa, Acciona, Renovalia, Gas Natural Fenosa, Preneal, EYRA-ACS y las mexicanas Pe\u00f1oles, Grupomar, Cemex y Grupo Salinas, entre otras.<\/p>\n<p><img loading=\"lazy\" decoding=\"async\" data-attachment-id=\"7427\" data-permalink=\"http:\/\/www.grieta.org.mx\/index.php\/parques-eolicos\/05_eolica\/\" data-orig-file=\"http:\/\/www.grieta.org.mx\/wp-content\/uploads\/2016\/03\/05_eolica.jpg\" data-orig-size=\"940,617\" data-comments-opened=\"0\" data-image-meta=\"{&quot;aperture&quot;:&quot;0&quot;,&quot;credit&quot;:&quot;&quot;,&quot;camera&quot;:&quot;&quot;,&quot;caption&quot;:&quot;&quot;,&quot;created_timestamp&quot;:&quot;0&quot;,&quot;copyright&quot;:&quot;&quot;,&quot;focal_length&quot;:&quot;0&quot;,&quot;iso&quot;:&quot;0&quot;,&quot;shutter_speed&quot;:&quot;0&quot;,&quot;title&quot;:&quot;&quot;,&quot;orientation&quot;:&quot;0&quot;}\" data-image-title=\"05_eolica\" data-image-description=\"\" data-image-caption=\"\" data-medium-file=\"http:\/\/www.grieta.org.mx\/wp-content\/uploads\/2016\/03\/05_eolica-300x197.jpg\" data-large-file=\"http:\/\/www.grieta.org.mx\/wp-content\/uploads\/2016\/03\/05_eolica.jpg\" src=\"http:\/\/grieta.org.mx\/wp-content\/uploads\/2016\/03\/05_eolica.jpg\" alt=\"05_eolica\" width=\"850\" height=\"600\" class=\"alignnone size-full wp-image-7427\" \/><\/p>\n<p><small><br \/>\n<strong>Con informaci\u00f3n de:<\/strong><\/p>\n<p><a href=\"http:\/\/www.cdpim.gob.mx\/v4\/pdf\/eolico.pdf\" target=\"_blank\">www.cdpim.gob.mx\/v4\/pdf\/eolico.pdf<\/a><br \/>\n<a href=\"http:\/\/www.sipaz.org\/enfoque-impactos-y-afectaciones-de-los-proyectos-de-energia-eolica-en-el-istmo-de-tehuantepec\/\" target=\"_blank\">http:\/\/www.sipaz.org\/enfoque-impactos-y-afectaciones-de-los-proyectos-de-energia-eolica-en-el-istmo-de-tehuantepec\/<\/a><br \/>\n<a href=\"http:\/\/www.elfinanciero.com.mx\/pages\/parques-eolicos-en-mexico.html\" target=\"_blank\">www.elfinanciero.com.mx\/pages\/parques-eolicos-en-mexico.html<\/a><br \/>\n<\/small><\/p>\n<hr \/>\n","protected":false},"excerpt":{"rendered":"<p>M\u00e9xico cuenta con uno de los potenciales m\u00e1s altos de generaci\u00f3n de energ\u00eda e\u00f3lica en el mundo. El principal recurso e\u00f3lico en M\u00e9xico se localiza en el Istmo de Tehuantepec, &hellip; <a href=\"http:\/\/www.grieta.org.mx\/index.php\/parques-eolicos\/\" class=\"more-link\">Leer m\u00e1s<\/a><\/p>\n","protected":false},"author":2,"featured_media":21928,"parent":0,"menu_order":0,"comment_status":"closed","ping_status":"closed","template":"parqueseo_page.php","meta":{"ngg_post_thumbnail":0,"footnotes":""},"class_list":["post-7423","page","type-page","status-publish","has-post-thumbnail","hentry","entry"],"jetpack_sharing_enabled":true,"jetpack_shortlink":"https:\/\/wp.me\/P7ZJR4-1VJ","jetpack_likes_enabled":false,"jetpack-related-posts":[{"id":7499,"url":"http:\/\/www.grieta.org.mx\/index.php\/parques-eolicos\/parques-eolicos-en-baja-california-norte\/","url_meta":{"origin":7423,"position":0},"title":"Parques E\u00f3licos en Baja California Norte","author":"grieta","date":"29 marzo, 2016","format":false,"excerpt":"A partir de un estudio elaborado en 2003 por el Centro de Investigaci\u00f3n Cient\u00edfica y de Educaci\u00f3n Superior de Ensenada (CICESE) para el gobierno del estado, La Rumorosa fue seleccionada como una de las localidades potenciales para la generaci\u00f3n de energ\u00eda e\u00f3lica en Baja California Norte. Hasta enero de 2015\u2026","rel":"","context":"Entrada similar ","block_context":{"text":"Entrada similar ","link":""},"img":{"alt_text":"","src":"https:\/\/i0.wp.com\/www.grieta.org.mx\/wp-content\/uploads\/2018\/03\/14524434_1106112876131411_958039263622046936_o.jpg?resize=350%2C200","width":350,"height":200,"srcset":"https:\/\/i0.wp.com\/www.grieta.org.mx\/wp-content\/uploads\/2018\/03\/14524434_1106112876131411_958039263622046936_o.jpg?resize=350%2C200 1x, https:\/\/i0.wp.com\/www.grieta.org.mx\/wp-content\/uploads\/2018\/03\/14524434_1106112876131411_958039263622046936_o.jpg?resize=525%2C300 1.5x, https:\/\/i0.wp.com\/www.grieta.org.mx\/wp-content\/uploads\/2018\/03\/14524434_1106112876131411_958039263622046936_o.jpg?resize=700%2C400 2x"},"classes":[]},{"id":7442,"url":"http:\/\/www.grieta.org.mx\/index.php\/parques-eolicos\/corredor-eolico-del-istmo-de-tehuantepec\/","url_meta":{"origin":7423,"position":1},"title":"Corredor E\u00f3lico del Istmo de Tehuantepec","author":"grieta","date":"29 marzo, 2016","format":false,"excerpt":"El Istmo de Tehuantepec es una regi\u00f3n comprendida entre los estados de Oaxaca, Veracruz, Chiapas y Tabasco. Esta regi\u00f3n es la zona m\u00e1s angosta del territorio mexicano que comunica los dos oc\u00e9anos; Pac\u00edfico y Atl\u00e1ntico. En su punto m\u00e1s estrecho el Istmo tiene tan s\u00f3lo 200 km de distancia entre\u2026","rel":"","context":"Entrada similar ","block_context":{"text":"Entrada similar ","link":""},"img":{"alt_text":"","src":"https:\/\/i0.wp.com\/www.grieta.org.mx\/wp-content\/uploads\/2021\/04\/istmo.jpg?resize=350%2C200","width":350,"height":200,"srcset":"https:\/\/i0.wp.com\/www.grieta.org.mx\/wp-content\/uploads\/2021\/04\/istmo.jpg?resize=350%2C200 1x, https:\/\/i0.wp.com\/www.grieta.org.mx\/wp-content\/uploads\/2021\/04\/istmo.jpg?resize=525%2C300 1.5x, https:\/\/i0.wp.com\/www.grieta.org.mx\/wp-content\/uploads\/2021\/04\/istmo.jpg?resize=700%2C400 2x"},"classes":[]},{"id":7467,"url":"http:\/\/www.grieta.org.mx\/index.php\/parques-eolicos\/parque-eolico-dzilam-de-bravo-yucatan\/","url_meta":{"origin":7423,"position":2},"title":"Parque E\u00f3lico Dzilam de Bravo (Yucat\u00e1n)","author":"grieta","date":"29 marzo, 2016","format":false,"excerpt":"Tras una serie de controversias, la Secretar\u00eda de Medio Ambiente y Recursos Naturales (Semarnat) aprob\u00f3 el dictamen de impacto ambiental para construir el primer Parque E\u00f3lico en Yucat\u00e1n, mismo que estar\u00e1 a cargo de la empresa Vive Energ\u00eda-E\u00f3lica del Golfo, y que se levantar\u00e1 en terrenos del puerto de Dzilam\u2026","rel":"","context":"Entrada similar ","block_context":{"text":"Entrada similar ","link":""},"img":{"alt_text":"","src":"https:\/\/i0.wp.com\/www.grieta.org.mx\/wp-content\/uploads\/2018\/03\/14524434_1106112876131411_958039263622046936_o.jpg?resize=350%2C200","width":350,"height":200,"srcset":"https:\/\/i0.wp.com\/www.grieta.org.mx\/wp-content\/uploads\/2018\/03\/14524434_1106112876131411_958039263622046936_o.jpg?resize=350%2C200 1x, https:\/\/i0.wp.com\/www.grieta.org.mx\/wp-content\/uploads\/2018\/03\/14524434_1106112876131411_958039263622046936_o.jpg?resize=525%2C300 1.5x, https:\/\/i0.wp.com\/www.grieta.org.mx\/wp-content\/uploads\/2018\/03\/14524434_1106112876131411_958039263622046936_o.jpg?resize=700%2C400 2x"},"classes":[]},{"id":28318,"url":"http:\/\/www.grieta.org.mx\/index.php\/megaproyectos\/megaproyecto-del-corredor-transistimico-en-mexico-un-muro-para-comunicar-al-gran-capital\/","url_meta":{"origin":7423,"position":3},"title":"Corredor trans\u00edstimico","author":"grieta","date":"10 enero, 2019","format":false,"excerpt":"\u00a0 UN MURO PARA COMUNICAR AL GRAN CAPITAL \u00a0 Uno de los llamados \u201cproyectos de desarrollo\u201d insignias del gobierno de L\u00f3pez Obrador es del Corredor trans\u00edstmico entre Salina Cruz, en Oaxaca, y Coatzacoalcos, en Veracruz. Este proyecto tiene su origen al menos un siglo atr\u00e1s, cuando Porfirio D\u00edaz intent\u00f3 convertir\u2026","rel":"","context":"Entrada similar ","block_context":{"text":"Entrada similar ","link":""},"img":{"alt_text":"","src":"https:\/\/i0.wp.com\/www.grieta.org.mx\/wp-content\/uploads\/2020\/07\/01-portada-ZEE-Corredor-y-Tren-Maya-MAPA_Geocomunes-1200x810-1.jpeg?resize=350%2C200","width":350,"height":200,"srcset":"https:\/\/i0.wp.com\/www.grieta.org.mx\/wp-content\/uploads\/2020\/07\/01-portada-ZEE-Corredor-y-Tren-Maya-MAPA_Geocomunes-1200x810-1.jpeg?resize=350%2C200 1x, https:\/\/i0.wp.com\/www.grieta.org.mx\/wp-content\/uploads\/2020\/07\/01-portada-ZEE-Corredor-y-Tren-Maya-MAPA_Geocomunes-1200x810-1.jpeg?resize=525%2C300 1.5x, https:\/\/i0.wp.com\/www.grieta.org.mx\/wp-content\/uploads\/2020\/07\/01-portada-ZEE-Corredor-y-Tren-Maya-MAPA_Geocomunes-1200x810-1.jpeg?resize=700%2C400 2x"},"classes":[]},{"id":8679,"url":"http:\/\/www.grieta.org.mx\/index.php\/mineria\/mineria-en-el-istmo-de-tehuantepec\/","url_meta":{"origin":7423,"position":4},"title":"Miner\u00eda en el Istmo de Tehuantepec","author":"grieta","date":"30 marzo, 2016","format":false,"excerpt":"El Istmo de Tehuantepec es una regi\u00f3n comprendida entre los estados de Oaxaca, Veracruz, Chiapas y Tabasco. Esta regi\u00f3n es la zona m\u00e1s angosta del territorio mexicano que comunica los dos oc\u00e9anos: Pac\u00edfico y Atl\u00e1ntico. En su punto m\u00e1s estrecho el Istmo tiene tan s\u00f3lo 200 km de distancia entre\u2026","rel":"","context":"Entrada similar ","block_context":{"text":"Entrada similar ","link":""},"img":{"alt_text":"","src":"https:\/\/i0.wp.com\/www.grieta.org.mx\/wp-content\/uploads\/2018\/03\/14524434_1106112876131411_958039263622046936_o.jpg?resize=350%2C200","width":350,"height":200,"srcset":"https:\/\/i0.wp.com\/www.grieta.org.mx\/wp-content\/uploads\/2018\/03\/14524434_1106112876131411_958039263622046936_o.jpg?resize=350%2C200 1x, https:\/\/i0.wp.com\/www.grieta.org.mx\/wp-content\/uploads\/2018\/03\/14524434_1106112876131411_958039263622046936_o.jpg?resize=525%2C300 1.5x, https:\/\/i0.wp.com\/www.grieta.org.mx\/wp-content\/uploads\/2018\/03\/14524434_1106112876131411_958039263622046936_o.jpg?resize=700%2C400 2x"},"classes":[]},{"id":15708,"url":"http:\/\/www.grieta.org.mx\/index.php\/megaproyectos\/","url_meta":{"origin":7423,"position":5},"title":"\u00bfQu\u00e9 es un megaproyecto?","author":"grieta","date":"2 julio, 2016","format":false,"excerpt":"Un megaproyecto se puede definir como un desarrollo extraordinario en el que se involucran grandes presupuestos estatales junto con enormes capitales privados para modificar de manera radical un territorio en funci\u00f3n de las exigencias de un tipo particular de infraestructura. Las caracter\u00edsticas y dimensiones de los megaproyectos ponen en juego\u2026","rel":"","context":"Entrada similar ","block_context":{"text":"Entrada similar ","link":""},"img":{"alt_text":"","src":"https:\/\/i0.wp.com\/www.grieta.org.mx\/wp-content\/uploads\/2020\/02\/NoMegaproyectos.jpg?resize=350%2C200","width":350,"height":200,"srcset":"https:\/\/i0.wp.com\/www.grieta.org.mx\/wp-content\/uploads\/2020\/02\/NoMegaproyectos.jpg?resize=350%2C200 1x, https:\/\/i0.wp.com\/www.grieta.org.mx\/wp-content\/uploads\/2020\/02\/NoMegaproyectos.jpg?resize=525%2C300 1.5x, https:\/\/i0.wp.com\/www.grieta.org.mx\/wp-content\/uploads\/2020\/02\/NoMegaproyectos.jpg?resize=700%2C400 2x, https:\/\/i0.wp.com\/www.grieta.org.mx\/wp-content\/uploads\/2020\/02\/NoMegaproyectos.jpg?resize=1050%2C600 3x, https:\/\/i0.wp.com\/www.grieta.org.mx\/wp-content\/uploads\/2020\/02\/NoMegaproyectos.jpg?resize=1400%2C800 4x"},"classes":[]}],"_links":{"self":[{"href":"http:\/\/www.grieta.org.mx\/index.php\/wp-json\/wp\/v2\/pages\/7423","targetHints":{"allow":["GET"]}}],"collection":[{"href":"http:\/\/www.grieta.org.mx\/index.php\/wp-json\/wp\/v2\/pages"}],"about":[{"href":"http:\/\/www.grieta.org.mx\/index.php\/wp-json\/wp\/v2\/types\/page"}],"author":[{"embeddable":true,"href":"http:\/\/www.grieta.org.mx\/index.php\/wp-json\/wp\/v2\/users\/2"}],"replies":[{"embeddable":true,"href":"http:\/\/www.grieta.org.mx\/index.php\/wp-json\/wp\/v2\/comments?post=7423"}],"version-history":[{"count":1,"href":"http:\/\/www.grieta.org.mx\/index.php\/wp-json\/wp\/v2\/pages\/7423\/revisions"}],"predecessor-version":[{"id":13925,"href":"http:\/\/www.grieta.org.mx\/index.php\/wp-json\/wp\/v2\/pages\/7423\/revisions\/13925"}],"wp:featuredmedia":[{"embeddable":true,"href":"http:\/\/www.grieta.org.mx\/index.php\/wp-json\/wp\/v2\/media\/21928"}],"wp:attachment":[{"href":"http:\/\/www.grieta.org.mx\/index.php\/wp-json\/wp\/v2\/media?parent=7423"}],"curies":[{"name":"wp","href":"https:\/\/api.w.org\/{rel}","templated":true}]}}