{"id":4687,"date":"2016-03-25T15:15:24","date_gmt":"2016-03-25T15:15:24","guid":{"rendered":"http:\/\/50.22.11.12\/~grietaor\/?page_id=4687"},"modified":"2016-03-25T15:15:24","modified_gmt":"2016-03-25T15:15:24","slug":"palabras-del-ezln","status":"publish","type":"page","link":"http:\/\/www.grieta.org.mx\/index.php\/palabras-del-ezln\/","title":{"rendered":"Palabras del EZLN"},"content":{"rendered":"","protected":false},"excerpt":{"rendered":"","protected":false},"author":1,"featured_media":21928,"parent":0,"menu_order":0,"comment_status":"closed","ping_status":"closed","template":"ezln_page.php","meta":{"ngg_post_thumbnail":0,"footnotes":""},"class_list":["post-4687","page","type-page","status-publish","has-post-thumbnail","hentry","entry"],"jetpack_sharing_enabled":true,"jetpack_shortlink":"https:\/\/wp.me\/P7ZJR4-1dB","jetpack_likes_enabled":false,"jetpack-related-posts":[{"id":70432,"url":"http:\/\/www.grieta.org.mx\/index.php\/70432-2\/","url_meta":{"origin":4687,"position":0},"title":"Alto a la guerra contra los pueblos zapatistas","author":"Admin","date":"11 noviembre, 2024","format":false,"excerpt":"http:\/\/www.grieta.org.mx\/index.php\/2024\/10\/16\/el-ezln-denuncia-agresiones-y-amenazas-contra-sus-bases-de-apoyo\/ \u00a0 http:\/\/www.grieta.org.mx\/index.php\/2024\/10\/16\/denunciamos-el-riesgo-a-la-vida-seguridad-e-integridad-personal-de-los-habitantes-bases-de-apoyo-del-ezln-de-la-comunidad-6-de-octubre-cgaz-de-nuevo-jerusalen\/ http:\/\/www.grieta.org.mx\/index.php\/2024\/11\/11\/alto-alas-agresiones-contra-las-comunidades-zapatistas\/ https:\/\/www.grieta.org.mx\/index.php\/2024\/11\/11\/sabes-que-es-la-autonomia-zapatista-video\/ http:\/\/www.grieta.org.mx\/index.php\/2024\/10\/30\/alto-a-las-agresiones-contra-las-comunidades-zapatistas-reclaman-miles-en-manifestacion-en-la-ciudad-de-mexico\/ http:\/\/www.grieta.org.mx\/index.php\/2024\/10\/28\/alto-a-los-ataques-a-comunidades-zapatistas-colectivos-en-jalisco-se-suman-al-llamado-de-solidaridad-y-alto-a-la-violencia\/ \u00a0 http:\/\/www.grieta.org.mx\/index.php\/2024\/10\/21\/conferencia-de-prensa-para-exigir-el-alto-a-la-guerra-en-contra-de-las-comunidades-zapatistas\/ \u00a0 http:\/\/www.grieta.org.mx\/index.php\/2024\/10\/20\/mitin-en-segob-en-solidaridad-con-los-pueblos-zapatistas\/","rel":"","context":"Entrada similar ","block_context":{"text":"Entrada similar ","link":""},"img":{"alt_text":"","src":"https:\/\/i0.wp.com\/www.grieta.org.mx\/wp-content\/uploads\/2024\/11\/imagen-para-perfil-redes-sociales-e1731367123534.jpg?resize=350%2C200","width":350,"height":200},"classes":[]},{"id":28318,"url":"http:\/\/www.grieta.org.mx\/index.php\/megaproyectos\/megaproyecto-del-corredor-transistimico-en-mexico-un-muro-para-comunicar-al-gran-capital\/","url_meta":{"origin":4687,"position":1},"title":"Corredor trans\u00edstimico","author":"grieta","date":"10 enero, 2019","format":false,"excerpt":"\u00a0 UN MURO PARA COMUNICAR AL GRAN CAPITAL \u00a0 Uno de los llamados \u201cproyectos de desarrollo\u201d insignias del gobierno de L\u00f3pez Obrador es del Corredor trans\u00edstmico entre Salina Cruz, en Oaxaca, y Coatzacoalcos, en Veracruz. Este proyecto tiene su origen al menos un siglo atr\u00e1s, cuando Porfirio D\u00edaz intent\u00f3 convertir\u2026","rel":"","context":"Entrada similar ","block_context":{"text":"Entrada similar ","link":""},"img":{"alt_text":"","src":"https:\/\/i0.wp.com\/www.grieta.org.mx\/wp-content\/uploads\/2020\/07\/01-portada-ZEE-Corredor-y-Tren-Maya-MAPA_Geocomunes-1200x810-1.jpeg?resize=350%2C200","width":350,"height":200,"srcset":"https:\/\/i0.wp.com\/www.grieta.org.mx\/wp-content\/uploads\/2020\/07\/01-portada-ZEE-Corredor-y-Tren-Maya-MAPA_Geocomunes-1200x810-1.jpeg?resize=350%2C200 1x, https:\/\/i0.wp.com\/www.grieta.org.mx\/wp-content\/uploads\/2020\/07\/01-portada-ZEE-Corredor-y-Tren-Maya-MAPA_Geocomunes-1200x810-1.jpeg?resize=525%2C300 1.5x, https:\/\/i0.wp.com\/www.grieta.org.mx\/wp-content\/uploads\/2020\/07\/01-portada-ZEE-Corredor-y-Tren-Maya-MAPA_Geocomunes-1200x810-1.jpeg?resize=700%2C400 2x"},"classes":[]},{"id":44822,"url":"http:\/\/www.grieta.org.mx\/index.php\/comunicaciones-y-transportes\/conflictos-por-la-construccion-del-aeropuerto-en-la-base-militar-de-santa-lucia\/","url_meta":{"origin":4687,"position":2},"title":"Aeropuerto Internacional de Santa Luc\u00eda &#8220;Felipe \u00c1ngeles&#8221;","author":"Admin","date":"21 febrero, 2020","format":false,"excerpt":"Aeropuerto Internacional de Santa Luc\u00eda \u201cFelipe \u00c1ngeles\u201d (AISL) \u00a0 El Aeropuerto Internacional de Santa Luc\u00eda \u201cFelipe \u00c1ngeles\u201d (AISL) es un megaproyecto que consiste en construir un aeropuerto mixto civil\/militar en el municipio de Tec\u00e1mac, Estado de M\u00e9xico. El AISL permitir\u00eda el libre flujo de capital transnacional, la circulaci\u00f3n de mercanc\u00edas\u2026","rel":"","context":"Entrada similar ","block_context":{"text":"Entrada similar ","link":""},"img":{"alt_text":"","src":"https:\/\/i0.wp.com\/www.grieta.org.mx\/wp-content\/uploads\/2021\/04\/sealan_nuevas_limitaciones_en_aisl.jpg?resize=350%2C200","width":350,"height":200,"srcset":"https:\/\/i0.wp.com\/www.grieta.org.mx\/wp-content\/uploads\/2021\/04\/sealan_nuevas_limitaciones_en_aisl.jpg?resize=350%2C200 1x, https:\/\/i0.wp.com\/www.grieta.org.mx\/wp-content\/uploads\/2021\/04\/sealan_nuevas_limitaciones_en_aisl.jpg?resize=525%2C300 1.5x, https:\/\/i0.wp.com\/www.grieta.org.mx\/wp-content\/uploads\/2021\/04\/sealan_nuevas_limitaciones_en_aisl.jpg?resize=700%2C400 2x, https:\/\/i0.wp.com\/www.grieta.org.mx\/wp-content\/uploads\/2021\/04\/sealan_nuevas_limitaciones_en_aisl.jpg?resize=1050%2C600 3x"},"classes":[]},{"id":6374,"url":"http:\/\/www.grieta.org.mx\/index.php\/zonas-economicas-especiales\/","url_meta":{"origin":4687,"position":3},"title":"Zonas Econ\u00f3micas Especiales","author":"grieta","date":"28 marzo, 2016","format":false,"excerpt":"El 27 de noviembre de 2014, un d\u00eda despu\u00e9s de que se cumplieran dos meses de la desaparici\u00f3n de 43 normalistas en Iguala, Enrique Pe\u00f1a Nieto anunci\u00f3 10 acciones para \u201cmejorar la seguridad, la justicia y el Estado de Derecho\u201d en el pa\u00eds. Asimismo anunci\u00f3 la puesta en marcha de\u2026","rel":"","context":"Entrada similar ","block_context":{"text":"Entrada similar ","link":""},"img":{"alt_text":"","src":"https:\/\/i0.wp.com\/www.grieta.org.mx\/wp-content\/uploads\/2018\/03\/14524434_1106112876131411_958039263622046936_o.jpg?resize=350%2C200","width":350,"height":200,"srcset":"https:\/\/i0.wp.com\/www.grieta.org.mx\/wp-content\/uploads\/2018\/03\/14524434_1106112876131411_958039263622046936_o.jpg?resize=350%2C200 1x, https:\/\/i0.wp.com\/www.grieta.org.mx\/wp-content\/uploads\/2018\/03\/14524434_1106112876131411_958039263622046936_o.jpg?resize=525%2C300 1.5x, https:\/\/i0.wp.com\/www.grieta.org.mx\/wp-content\/uploads\/2018\/03\/14524434_1106112876131411_958039263622046936_o.jpg?resize=700%2C400 2x"},"classes":[]},{"id":4579,"url":"http:\/\/www.grieta.org.mx\/index.php\/espejos-de-la-resistencia\/","url_meta":{"origin":4687,"position":4},"title":"Espejos de la resistencia","author":"Admin","date":"24 marzo, 2016","format":false,"excerpt":"2\u00aa. DECLARACI\u00d3N DE LA COMPARTICI\u00d3N CNI- EZLN. SOBRE EL DESPOJO A NUESTROS PUEBLOS, 16 DE AGOSTO 2014 \u201cLa tierra que nos vio nacer, que nos da la vida y finalmente descansamos en ella eternamente. Por eso somos todos los colores que somos, todas las lenguas que hablan nuestros corazones, por\u2026","rel":"","context":"Entrada similar ","block_context":{"text":"Entrada similar ","link":""},"img":{"alt_text":"","src":"https:\/\/i0.wp.com\/www.grieta.org.mx\/wp-content\/uploads\/2021\/06\/13901316_1058071340942172_7269987004380508662_n-1-660x330-600x300-1.jpg?resize=350%2C200","width":350,"height":200,"srcset":"https:\/\/i0.wp.com\/www.grieta.org.mx\/wp-content\/uploads\/2021\/06\/13901316_1058071340942172_7269987004380508662_n-1-660x330-600x300-1.jpg?resize=350%2C200 1x, https:\/\/i0.wp.com\/www.grieta.org.mx\/wp-content\/uploads\/2021\/06\/13901316_1058071340942172_7269987004380508662_n-1-660x330-600x300-1.jpg?resize=525%2C300 1.5x"},"classes":[]},{"id":13405,"url":"http:\/\/www.grieta.org.mx\/index.php\/comunicaciones-y-transportes\/aeropuerto-barrancas-del-cobre-chihuahua\/","url_meta":{"origin":4687,"position":5},"title":"Aeropuerto Barrancas del Cobre (Chihuahua)","author":"grieta","date":"2 junio, 2016","format":false,"excerpt":"El proyecto del Aeropuerto Internacional de Creel, cuyo nombre oficial es el Aeropuerto Regional Barrancas del Cobre, est\u00e1 ubicado a 3 kil\u00f3metros de la comunidad de Creel, en el municipio de Bocoyna, Chihuahua. Cuenta con una pista de 2,600 metros con 30 metros de ancho y 78,000 metros cuadrados, tiene\u2026","rel":"","context":"Entrada similar ","block_context":{"text":"Entrada similar ","link":""},"img":{"alt_text":"","src":"https:\/\/i0.wp.com\/www.grieta.org.mx\/wp-content\/uploads\/2021\/04\/aeropuerto-de-Creel.jpg?resize=350%2C200","width":350,"height":200,"srcset":"https:\/\/i0.wp.com\/www.grieta.org.mx\/wp-content\/uploads\/2021\/04\/aeropuerto-de-Creel.jpg?resize=350%2C200 1x, https:\/\/i0.wp.com\/www.grieta.org.mx\/wp-content\/uploads\/2021\/04\/aeropuerto-de-Creel.jpg?resize=525%2C300 1.5x, https:\/\/i0.wp.com\/www.grieta.org.mx\/wp-content\/uploads\/2021\/04\/aeropuerto-de-Creel.jpg?resize=700%2C400 2x"},"classes":[]}],"_links":{"self":[{"href":"http:\/\/www.grieta.org.mx\/index.php\/wp-json\/wp\/v2\/pages\/4687","targetHints":{"allow":["GET"]}}],"collection":[{"href":"http:\/\/www.grieta.org.mx\/index.php\/wp-json\/wp\/v2\/pages"}],"about":[{"href":"http:\/\/www.grieta.org.mx\/index.php\/wp-json\/wp\/v2\/types\/page"}],"author":[{"embeddable":true,"href":"http:\/\/www.grieta.org.mx\/index.php\/wp-json\/wp\/v2\/users\/1"}],"replies":[{"embeddable":true,"href":"http:\/\/www.grieta.org.mx\/index.php\/wp-json\/wp\/v2\/comments?post=4687"}],"version-history":[{"count":1,"href":"http:\/\/www.grieta.org.mx\/index.php\/wp-json\/wp\/v2\/pages\/4687\/revisions"}],"predecessor-version":[{"id":4688,"href":"http:\/\/www.grieta.org.mx\/index.php\/wp-json\/wp\/v2\/pages\/4687\/revisions\/4688"}],"wp:featuredmedia":[{"embeddable":true,"href":"http:\/\/www.grieta.org.mx\/index.php\/wp-json\/wp\/v2\/media\/21928"}],"wp:attachment":[{"href":"http:\/\/www.grieta.org.mx\/index.php\/wp-json\/wp\/v2\/media?parent=4687"}],"curies":[{"name":"wp","href":"https:\/\/api.w.org\/{rel}","templated":true}]}}

Corredor transístimico

UN MURO PARA COMUNICAR AL GRAN CAPITAL   Uno de los llamados “proyectos de desarrollo” insignias del gobierno de López Obrador es del Corredor transístmico entre Salina Cruz, en Oaxaca, y Coatzacoalcos, en Veracruz. Este proyecto tiene su origen al menos un siglo atrás, cuando Porfirio Díaz intentó convertir…

Aeropuerto Internacional de Santa Lucía &#8220;Felipe Ángeles&#8221;

Aeropuerto Internacional de Santa Lucía “Felipe Ángeles” (AISL)   El Aeropuerto Internacional de Santa Lucía “Felipe Ángeles” (AISL) es un megaproyecto que consiste en construir un aeropuerto mixto civil/militar en el municipio de Tecámac, Estado de México. El AISL permitiría el libre flujo de capital transnacional, la circulación de mercancías…

Zonas Económicas Especiales

El 27 de noviembre de 2014, un día después de que se cumplieran dos meses de la desaparición de 43 normalistas en Iguala, Enrique Peña Nieto anunció 10 acciones para “mejorar la seguridad, la justicia y el Estado de Derecho” en el país. Asimismo anunció la puesta en marcha de…

2ª. DECLARACIÓN DE LA COMPARTICIÓN CNI- EZLN. SOBRE EL DESPOJO A NUESTROS PUEBLOS, 16 DE AGOSTO 2014 “La tierra que nos vio nacer, que nos da la vida y finalmente descansamos en ella eternamente. Por eso somos todos los colores que somos, todas las lenguas que hablan nuestros corazones, por…

El proyecto del Aeropuerto Internacional de Creel, cuyo nombre oficial es el Aeropuerto Regional Barrancas del Cobre, está ubicado a 3 kilómetros de la comunidad de Creel, en el municipio de Bocoyna, Chihuahua. Cuenta con una pista de 2,600 metros con 30 metros de ancho y 78,000 metros cuadrados, tiene…
