{"id":21797,"date":"2018-02-23T08:49:58","date_gmt":"2018-02-23T14:49:58","guid":{"rendered":"http:\/\/www.grieta.org.mx\/?page_id=21797"},"modified":"2018-02-23T08:49:58","modified_gmt":"2018-02-23T14:49:58","slug":"san-luis-potosi","status":"publish","type":"page","link":"http:\/\/www.grieta.org.mx\/index.php\/san-luis-potosi\/","title":{"rendered":"San Luis Potos\u00ed"},"content":{"rendered":"","protected":false},"excerpt":{"rendered":"","protected":false},"author":1,"featured_media":21928,"parent":0,"menu_order":0,"comment_status":"closed","ping_status":"closed","template":"san_luis_potosi_page.php","meta":{"ngg_post_thumbnail":0,"footnotes":""},"class_list":["post-21797","page","type-page","status-publish","has-post-thumbnail","hentry","entry"],"jetpack_sharing_enabled":true,"jetpack_shortlink":"https:\/\/wp.me\/P7ZJR4-5Fz","jetpack_likes_enabled":false,"jetpack-related-posts":[{"id":8599,"url":"http:\/\/www.grieta.org.mx\/index.php\/proyectos-hidricos\/acueducto-el-realito-slp\/","url_meta":{"origin":21797,"position":0},"title":"Acueducto El Realito (SLP)","author":"grieta","date":"30 marzo, 2016","format":false,"excerpt":"Ubicado en la Zona Centro del Estado de San Luis Potos\u00ed, el acueducto se divide en tres tramos principales: uno por impulsi\u00f3n de agua cruda (14.5 kms), otro por gravedad que va desde este tanque a la planta potabilizadora (19.83 kms) y el tercero a partir de la planta y\u2026","rel":"","context":"Entrada similar ","block_context":{"text":"Entrada similar ","link":""},"img":{"alt_text":"","src":"https:\/\/i0.wp.com\/www.grieta.org.mx\/wp-content\/uploads\/2018\/03\/14524434_1106112876131411_958039263622046936_o.jpg?resize=350%2C200","width":350,"height":200,"srcset":"https:\/\/i0.wp.com\/www.grieta.org.mx\/wp-content\/uploads\/2018\/03\/14524434_1106112876131411_958039263622046936_o.jpg?resize=350%2C200 1x, https:\/\/i0.wp.com\/www.grieta.org.mx\/wp-content\/uploads\/2018\/03\/14524434_1106112876131411_958039263622046936_o.jpg?resize=525%2C300 1.5x, https:\/\/i0.wp.com\/www.grieta.org.mx\/wp-content\/uploads\/2018\/03\/14524434_1106112876131411_958039263622046936_o.jpg?resize=700%2C400 2x"},"classes":[]},{"id":56,"url":"http:\/\/www.grieta.org.mx\/index.php\/mineria\/cerro-de-san-pedro\/","url_meta":{"origin":21797,"position":1},"title":"Miner\u00eda en el Cerro de San Pedro","author":"Admin","date":"25 febrero, 2016","format":false,"excerpt":"El sistema que Minera San Xavier, filial en M\u00e9xico de la empresa canadiense New Gold, ha aplicado durante m\u00e1s ocho a\u00f1os para la explotaci\u00f3n y beneficio de mineral en el Cerro de San Pedro, San Luis Potos\u00ed, es el conocido como tajo a cielo abierto y lixiviaci\u00f3n a montones. Es\u2026","rel":"","context":"Entrada similar ","block_context":{"text":"Entrada similar ","link":""},"img":{"alt_text":"","src":"https:\/\/i0.wp.com\/www.grieta.org.mx\/wp-content\/uploads\/2018\/03\/14524434_1106112876131411_958039263622046936_o.jpg?resize=350%2C200","width":350,"height":200,"srcset":"https:\/\/i0.wp.com\/www.grieta.org.mx\/wp-content\/uploads\/2018\/03\/14524434_1106112876131411_958039263622046936_o.jpg?resize=350%2C200 1x, https:\/\/i0.wp.com\/www.grieta.org.mx\/wp-content\/uploads\/2018\/03\/14524434_1106112876131411_958039263622046936_o.jpg?resize=525%2C300 1.5x, https:\/\/i0.wp.com\/www.grieta.org.mx\/wp-content\/uploads\/2018\/03\/14524434_1106112876131411_958039263622046936_o.jpg?resize=700%2C400 2x"},"classes":[]},{"id":8614,"url":"http:\/\/www.grieta.org.mx\/index.php\/proyectos-hidricos\/proyecto-hidraulico-monterrey-vi\/","url_meta":{"origin":21797,"position":2},"title":"Proyecto Hidr\u00e1ulico Monterrey VI","author":"grieta","date":"30 marzo, 2016","format":false,"excerpt":"El proyecto hidr\u00e1ulico Monterrey VI consiste en la construcci\u00f3n de un acueducto de 372 kil\u00f3metros, que iniciar\u00e1 en el r\u00edo Tampa\u00f3n, afluente del r\u00edo P\u00e1nuco, en San Luis Potos\u00ed, hasta la presa Cerro Prieto en el municipio de Linares. La obra est\u00e1 dise\u00f1ada para dotar de agua potable a Nuevo\u2026","rel":"","context":"Entrada similar ","block_context":{"text":"Entrada similar ","link":""},"img":{"alt_text":"","src":"https:\/\/i0.wp.com\/www.grieta.org.mx\/wp-content\/uploads\/2018\/03\/14524434_1106112876131411_958039263622046936_o.jpg?resize=350%2C200","width":350,"height":200,"srcset":"https:\/\/i0.wp.com\/www.grieta.org.mx\/wp-content\/uploads\/2018\/03\/14524434_1106112876131411_958039263622046936_o.jpg?resize=350%2C200 1x, https:\/\/i0.wp.com\/www.grieta.org.mx\/wp-content\/uploads\/2018\/03\/14524434_1106112876131411_958039263622046936_o.jpg?resize=525%2C300 1.5x, https:\/\/i0.wp.com\/www.grieta.org.mx\/wp-content\/uploads\/2018\/03\/14524434_1106112876131411_958039263622046936_o.jpg?resize=700%2C400 2x"},"classes":[]},{"id":8572,"url":"http:\/\/www.grieta.org.mx\/index.php\/proyectos-hidricos\/","url_meta":{"origin":21797,"position":3},"title":"Proyectos H\u00eddricos","author":"grieta","date":"30 marzo, 2016","format":false,"excerpt":"M\u00e9xico posee 731 cuencas hidrol\u00f3gicas agrupadas en 37 regiones hidrol\u00f3gicas y 13 regiones mayores de tipo administrativo. De las 37 regiones hidrol\u00f3gicas, las m\u00e1s h\u00famedas son la regi\u00f3n 30: Grijalva\u2013Usumacinta, la 29: Coatzacoalcos, la 28: Papaloapan y la 23: Costa de Chiapas. Los r\u00edos y arroyos del pa\u00eds constituyen una\u2026","rel":"","context":"Entrada similar ","block_context":{"text":"Entrada similar ","link":""},"img":{"alt_text":"","src":"https:\/\/i0.wp.com\/www.grieta.org.mx\/wp-content\/uploads\/2018\/03\/14524434_1106112876131411_958039263622046936_o.jpg?resize=350%2C200","width":350,"height":200,"srcset":"https:\/\/i0.wp.com\/www.grieta.org.mx\/wp-content\/uploads\/2018\/03\/14524434_1106112876131411_958039263622046936_o.jpg?resize=350%2C200 1x, https:\/\/i0.wp.com\/www.grieta.org.mx\/wp-content\/uploads\/2018\/03\/14524434_1106112876131411_958039263622046936_o.jpg?resize=525%2C300 1.5x, https:\/\/i0.wp.com\/www.grieta.org.mx\/wp-content\/uploads\/2018\/03\/14524434_1106112876131411_958039263622046936_o.jpg?resize=700%2C400 2x"},"classes":[]},{"id":13358,"url":"http:\/\/www.grieta.org.mx\/index.php\/comunicaciones-y-transportes\/","url_meta":{"origin":21797,"position":4},"title":"Comunicaciones y Transportes","author":"grieta","date":"1 junio, 2016","format":false,"excerpt":"El Programa Nacional de Infraestructura (PNI) forma parte del Plan Nacional de Desarrollo cuya versi\u00f3n 2014 \u2013 2018 contempla seis sectores estrat\u00e9gicos: 1. Comunicaciones y transportes, 2. Energ\u00eda, 3. Hidr\u00e1ulico, 4. Salud, 5. Desarrollo urbano y vivienda, y 6. Turismo. En materia de Comunicaciones y Transportes \u00e9ste se divide en\u2026","rel":"","context":"Entrada similar ","block_context":{"text":"Entrada similar ","link":""},"img":{"alt_text":"","src":"https:\/\/i0.wp.com\/www.grieta.org.mx\/wp-content\/uploads\/2018\/03\/14524434_1106112876131411_958039263622046936_o.jpg?resize=350%2C200","width":350,"height":200,"srcset":"https:\/\/i0.wp.com\/www.grieta.org.mx\/wp-content\/uploads\/2018\/03\/14524434_1106112876131411_958039263622046936_o.jpg?resize=350%2C200 1x, https:\/\/i0.wp.com\/www.grieta.org.mx\/wp-content\/uploads\/2018\/03\/14524434_1106112876131411_958039263622046936_o.jpg?resize=525%2C300 1.5x, https:\/\/i0.wp.com\/www.grieta.org.mx\/wp-content\/uploads\/2018\/03\/14524434_1106112876131411_958039263622046936_o.jpg?resize=700%2C400 2x"},"classes":[]},{"id":13364,"url":"http:\/\/www.grieta.org.mx\/index.php\/comunicaciones-y-transportes\/corredor-transversal-manzanillo-tampico\/","url_meta":{"origin":21797,"position":5},"title":"Corredor transversal Manzanillo-Tampico","author":"grieta","date":"1 junio, 2016","format":false,"excerpt":"Los corredores troncales del pa\u00eds se dividen en longitudinales, de norte a sur, y transversales, de este a oeste. Estos corredores comunican a todas las capitales estatales, las principales concentraciones metropolitanas, las ciudades medias, los puertos mar\u00edtimos de relevancia y los accesos a los puentes fronterizos internacionales de mayor movimiento\u2026","rel":"","context":"Entrada similar ","block_context":{"text":"Entrada similar ","link":""},"img":{"alt_text":"","src":"https:\/\/i0.wp.com\/www.grieta.org.mx\/wp-content\/uploads\/2018\/03\/14524434_1106112876131411_958039263622046936_o.jpg?resize=350%2C200","width":350,"height":200,"srcset":"https:\/\/i0.wp.com\/www.grieta.org.mx\/wp-content\/uploads\/2018\/03\/14524434_1106112876131411_958039263622046936_o.jpg?resize=350%2C200 1x, https:\/\/i0.wp.com\/www.grieta.org.mx\/wp-content\/uploads\/2018\/03\/14524434_1106112876131411_958039263622046936_o.jpg?resize=525%2C300 1.5x, https:\/\/i0.wp.com\/www.grieta.org.mx\/wp-content\/uploads\/2018\/03\/14524434_1106112876131411_958039263622046936_o.jpg?resize=700%2C400 2x"},"classes":[]}],"_links":{"self":[{"href":"http:\/\/www.grieta.org.mx\/index.php\/wp-json\/wp\/v2\/pages\/21797","targetHints":{"allow":["GET"]}}],"collection":[{"href":"http:\/\/www.grieta.org.mx\/index.php\/wp-json\/wp\/v2\/pages"}],"about":[{"href":"http:\/\/www.grieta.org.mx\/index.php\/wp-json\/wp\/v2\/types\/page"}],"author":[{"embeddable":true,"href":"http:\/\/www.grieta.org.mx\/index.php\/wp-json\/wp\/v2\/users\/1"}],"replies":[{"embeddable":true,"href":"http:\/\/www.grieta.org.mx\/index.php\/wp-json\/wp\/v2\/comments?post=21797"}],"version-history":[{"count":1,"href":"http:\/\/www.grieta.org.mx\/index.php\/wp-json\/wp\/v2\/pages\/21797\/revisions"}],"predecessor-version":[{"id":21798,"href":"http:\/\/www.grieta.org.mx\/index.php\/wp-json\/wp\/v2\/pages\/21797\/revisions\/21798"}],"wp:featuredmedia":[{"embeddable":true,"href":"http:\/\/www.grieta.org.mx\/index.php\/wp-json\/wp\/v2\/media\/21928"}],"wp:attachment":[{"href":"http:\/\/www.grieta.org.mx\/index.php\/wp-json\/wp\/v2\/media?parent=21797"}],"curies":[{"name":"wp","href":"https:\/\/api.w.org\/{rel}","templated":true}]}}

San Luis Potosí

Ubicado en la Zona Centro del Estado de San Luis Potosí, el acueducto se divide en tres tramos principales: uno por impulsión de agua cruda (14.5 kms), otro por gravedad que va desde este tanque a la planta potabilizadora (19.83 kms) y el tercero a partir de la planta y…

Minería en el Cerro de San Pedro

El sistema que Minera San Xavier, filial en México de la empresa canadiense New Gold, ha aplicado durante más ocho años para la explotación y beneficio de mineral en el Cerro de San Pedro, San Luis Potosí, es el conocido como tajo a cielo abierto y lixiviación a montones. Es…

Proyecto Hidráulico Monterrey VI

El proyecto hidráulico Monterrey VI consiste en la construcción de un acueducto de 372 kilómetros, que iniciará en el río Tampaón, afluente del río Pánuco, en San Luis Potosí, hasta la presa Cerro Prieto en el municipio de Linares. La obra está diseñada para dotar de agua potable a Nuevo…

Proyectos Hídricos

México posee 731 cuencas hidrológicas agrupadas en 37 regiones hidrológicas y 13 regiones mayores de tipo administrativo. De las 37 regiones hidrológicas, las más húmedas son la región 30: Grijalva–Usumacinta, la 29: Coatzacoalcos, la 28: Papaloapan y la 23: Costa de Chiapas. Los ríos y arroyos del país constituyen una…

El Programa Nacional de Infraestructura (PNI) forma parte del Plan Nacional de Desarrollo cuya versión 2014 – 2018 contempla seis sectores estratégicos: 1. Comunicaciones y transportes, 2. Energía, 3. Hidráulico, 4. Salud, 5. Desarrollo urbano y vivienda, y 6. Turismo. En materia de Comunicaciones y Transportes éste se divide en…

Los corredores troncales del país se dividen en longitudinales, de norte a sur, y transversales, de este a oeste. Estos corredores comunican a todas las capitales estatales, las principales concentraciones metropolitanas, las ciudades medias, los puertos marítimos de relevancia y los accesos a los puentes fronterizos internacionales de mayor movimiento…
