{"id":21795,"date":"2018-02-23T08:49:21","date_gmt":"2018-02-23T14:49:21","guid":{"rendered":"http:\/\/www.grieta.org.mx\/?page_id=21795"},"modified":"2018-02-23T08:49:21","modified_gmt":"2018-02-23T14:49:21","slug":"quintana-roo","status":"publish","type":"page","link":"http:\/\/www.grieta.org.mx\/index.php\/quintana-roo\/","title":{"rendered":"Quintana Roo"},"content":{"rendered":"","protected":false},"excerpt":{"rendered":"","protected":false},"author":1,"featured_media":21928,"parent":0,"menu_order":0,"comment_status":"closed","ping_status":"closed","template":"quintana_roo_page.php","meta":{"ngg_post_thumbnail":0,"footnotes":""},"class_list":["post-21795","page","type-page","status-publish","has-post-thumbnail","hentry","entry"],"jetpack_sharing_enabled":true,"jetpack_shortlink":"https:\/\/wp.me\/P7ZJR4-5Fx","jetpack_likes_enabled":false,"jetpack-related-posts":[{"id":7423,"url":"http:\/\/www.grieta.org.mx\/index.php\/parques-eolicos\/","url_meta":{"origin":21795,"position":0},"title":"Parques e\u00f3licos","author":"grieta","date":"29 marzo, 2016","format":false,"excerpt":"M\u00e9xico cuenta con uno de los potenciales m\u00e1s altos de generaci\u00f3n de energ\u00eda e\u00f3lica en el mundo. El principal recurso e\u00f3lico en M\u00e9xico se localiza en el Istmo de Tehuantepec, comprendido entre los estados de Oaxaca, Chiapas, Tabasco y Veracruz, donde actualmente se desarrollan los parques e\u00f3licos terrestres a gran\u2026","rel":"","context":"Entrada similar ","block_context":{"text":"Entrada similar ","link":""},"img":{"alt_text":"","src":"https:\/\/i0.wp.com\/www.grieta.org.mx\/wp-content\/uploads\/2018\/03\/14524434_1106112876131411_958039263622046936_o.jpg?resize=350%2C200","width":350,"height":200,"srcset":"https:\/\/i0.wp.com\/www.grieta.org.mx\/wp-content\/uploads\/2018\/03\/14524434_1106112876131411_958039263622046936_o.jpg?resize=350%2C200 1x, https:\/\/i0.wp.com\/www.grieta.org.mx\/wp-content\/uploads\/2018\/03\/14524434_1106112876131411_958039263622046936_o.jpg?resize=525%2C300 1.5x, https:\/\/i0.wp.com\/www.grieta.org.mx\/wp-content\/uploads\/2018\/03\/14524434_1106112876131411_958039263622046936_o.jpg?resize=700%2C400 2x"},"classes":[]},{"id":13358,"url":"http:\/\/www.grieta.org.mx\/index.php\/comunicaciones-y-transportes\/","url_meta":{"origin":21795,"position":1},"title":"Comunicaciones y Transportes","author":"grieta","date":"1 junio, 2016","format":false,"excerpt":"El Programa Nacional de Infraestructura (PNI) forma parte del Plan Nacional de Desarrollo cuya versi\u00f3n 2014 \u2013 2018 contempla seis sectores estrat\u00e9gicos: 1. Comunicaciones y transportes, 2. Energ\u00eda, 3. Hidr\u00e1ulico, 4. Salud, 5. Desarrollo urbano y vivienda, y 6. Turismo. En materia de Comunicaciones y Transportes \u00e9ste se divide en\u2026","rel":"","context":"Entrada similar ","block_context":{"text":"Entrada similar ","link":""},"img":{"alt_text":"","src":"https:\/\/i0.wp.com\/www.grieta.org.mx\/wp-content\/uploads\/2018\/03\/14524434_1106112876131411_958039263622046936_o.jpg?resize=350%2C200","width":350,"height":200,"srcset":"https:\/\/i0.wp.com\/www.grieta.org.mx\/wp-content\/uploads\/2018\/03\/14524434_1106112876131411_958039263622046936_o.jpg?resize=350%2C200 1x, https:\/\/i0.wp.com\/www.grieta.org.mx\/wp-content\/uploads\/2018\/03\/14524434_1106112876131411_958039263622046936_o.jpg?resize=525%2C300 1.5x, https:\/\/i0.wp.com\/www.grieta.org.mx\/wp-content\/uploads\/2018\/03\/14524434_1106112876131411_958039263622046936_o.jpg?resize=700%2C400 2x"},"classes":[]},{"id":28685,"url":"http:\/\/www.grieta.org.mx\/index.php\/megaproyecto-de-tren-maya\/","url_meta":{"origin":21795,"position":2},"title":"Tren Maya","author":"grieta","date":"31 enero, 2019","format":false,"excerpt":"El mal llamado Tren Maya es, tal vez, el proyecto m\u00e1s importante de \"desarrollo socioecon\u00f3mico\", infraestructura y turismo del gobierno de Andr\u00e9s Manuel L\u00f3pez Obrador. El proyecto consiste en un servicio de transporte f\u00e9rreo que interconecta las principales ciudades y zonas tur\u00edsticas de la pen\u00ednsula de Yucat\u00e1n. El proyecto dice\u2026","rel":"","context":"Entrada similar ","block_context":{"text":"Entrada similar ","link":""},"img":{"alt_text":"","src":"https:\/\/i0.wp.com\/www.grieta.org.mx\/wp-content\/uploads\/2021\/02\/Tren-maya-mapa.jpg?resize=350%2C200","width":350,"height":200,"srcset":"https:\/\/i0.wp.com\/www.grieta.org.mx\/wp-content\/uploads\/2021\/02\/Tren-maya-mapa.jpg?resize=350%2C200 1x, https:\/\/i0.wp.com\/www.grieta.org.mx\/wp-content\/uploads\/2021\/02\/Tren-maya-mapa.jpg?resize=525%2C300 1.5x, https:\/\/i0.wp.com\/www.grieta.org.mx\/wp-content\/uploads\/2021\/02\/Tren-maya-mapa.jpg?resize=700%2C400 2x, https:\/\/i0.wp.com\/www.grieta.org.mx\/wp-content\/uploads\/2021\/02\/Tren-maya-mapa.jpg?resize=1050%2C600 3x, https:\/\/i0.wp.com\/www.grieta.org.mx\/wp-content\/uploads\/2021\/02\/Tren-maya-mapa.jpg?resize=1400%2C800 4x"},"classes":[]},{"id":4824,"url":"http:\/\/www.grieta.org.mx\/index.php\/violencia-contra-periodistas\/","url_meta":{"origin":21795,"position":3},"title":"Violencia contra periodistas","author":"Admin","date":"25 marzo, 2016","format":false,"excerpt":"Seg\u00fan el Estudio Especial sobre la Situaci\u00f3n de las Investigaciones sobre el Asesinato de Periodistas publicado en 2008, entre 1995 y 2005 habr\u00edan sido asesinados 157 periodistas, trabajadores y trabajadoras de medios de comunicaci\u00f3n en 19 Estados Miembros de la OEA por razones posiblemente relacionadas con el ejercicio del periodismo.\u2026","rel":"","context":"Entrada similar ","block_context":{"text":"Entrada similar ","link":""},"img":{"alt_text":"","src":"https:\/\/i0.wp.com\/www.grieta.org.mx\/wp-content\/uploads\/2018\/03\/14524434_1106112876131411_958039263622046936_o.jpg?resize=350%2C200","width":350,"height":200,"srcset":"https:\/\/i0.wp.com\/www.grieta.org.mx\/wp-content\/uploads\/2018\/03\/14524434_1106112876131411_958039263622046936_o.jpg?resize=350%2C200 1x, https:\/\/i0.wp.com\/www.grieta.org.mx\/wp-content\/uploads\/2018\/03\/14524434_1106112876131411_958039263622046936_o.jpg?resize=525%2C300 1.5x, https:\/\/i0.wp.com\/www.grieta.org.mx\/wp-content\/uploads\/2018\/03\/14524434_1106112876131411_958039263622046936_o.jpg?resize=700%2C400 2x"},"classes":[]},{"id":8561,"url":"http:\/\/www.grieta.org.mx\/index.php\/recursos-forestales\/","url_meta":{"origin":21795,"position":4},"title":"Recursos forestales","author":"grieta","date":"30 marzo, 2016","format":false,"excerpt":"Seg\u00fan datos presentados por la FAO, M\u00e9xico cuenta con aproximadamente 64 millones de hect\u00e1reas de bosques de clima templado y selvas que abarcan el 32% del territorio nacional. Adicionalmente el pa\u00eds cuenta con 56 millones de hect\u00e1reas de matorrales y cerca de 2 millones de hect\u00e1reas de vegetaci\u00f3n hidr\u00f3fila entre\u2026","rel":"","context":"Entrada similar ","block_context":{"text":"Entrada similar ","link":""},"img":{"alt_text":"","src":"https:\/\/i0.wp.com\/www.grieta.org.mx\/wp-content\/uploads\/2018\/03\/14524434_1106112876131411_958039263622046936_o.jpg?resize=350%2C200","width":350,"height":200,"srcset":"https:\/\/i0.wp.com\/www.grieta.org.mx\/wp-content\/uploads\/2018\/03\/14524434_1106112876131411_958039263622046936_o.jpg?resize=350%2C200 1x, https:\/\/i0.wp.com\/www.grieta.org.mx\/wp-content\/uploads\/2018\/03\/14524434_1106112876131411_958039263622046936_o.jpg?resize=525%2C300 1.5x, https:\/\/i0.wp.com\/www.grieta.org.mx\/wp-content\/uploads\/2018\/03\/14524434_1106112876131411_958039263622046936_o.jpg?resize=700%2C400 2x"},"classes":[]},{"id":6374,"url":"http:\/\/www.grieta.org.mx\/index.php\/zonas-economicas-especiales\/","url_meta":{"origin":21795,"position":5},"title":"Zonas Econ\u00f3micas Especiales","author":"grieta","date":"28 marzo, 2016","format":false,"excerpt":"El 27 de noviembre de 2014, un d\u00eda despu\u00e9s de que se cumplieran dos meses de la desaparici\u00f3n de 43 normalistas en Iguala, Enrique Pe\u00f1a Nieto anunci\u00f3 10 acciones para \u201cmejorar la seguridad, la justicia y el Estado de Derecho\u201d en el pa\u00eds. Asimismo anunci\u00f3 la puesta en marcha de\u2026","rel":"","context":"Entrada similar ","block_context":{"text":"Entrada similar ","link":""},"img":{"alt_text":"","src":"https:\/\/i0.wp.com\/www.grieta.org.mx\/wp-content\/uploads\/2018\/03\/14524434_1106112876131411_958039263622046936_o.jpg?resize=350%2C200","width":350,"height":200,"srcset":"https:\/\/i0.wp.com\/www.grieta.org.mx\/wp-content\/uploads\/2018\/03\/14524434_1106112876131411_958039263622046936_o.jpg?resize=350%2C200 1x, https:\/\/i0.wp.com\/www.grieta.org.mx\/wp-content\/uploads\/2018\/03\/14524434_1106112876131411_958039263622046936_o.jpg?resize=525%2C300 1.5x, https:\/\/i0.wp.com\/www.grieta.org.mx\/wp-content\/uploads\/2018\/03\/14524434_1106112876131411_958039263622046936_o.jpg?resize=700%2C400 2x"},"classes":[]}],"_links":{"self":[{"href":"http:\/\/www.grieta.org.mx\/index.php\/wp-json\/wp\/v2\/pages\/21795","targetHints":{"allow":["GET"]}}],"collection":[{"href":"http:\/\/www.grieta.org.mx\/index.php\/wp-json\/wp\/v2\/pages"}],"about":[{"href":"http:\/\/www.grieta.org.mx\/index.php\/wp-json\/wp\/v2\/types\/page"}],"author":[{"embeddable":true,"href":"http:\/\/www.grieta.org.mx\/index.php\/wp-json\/wp\/v2\/users\/1"}],"replies":[{"embeddable":true,"href":"http:\/\/www.grieta.org.mx\/index.php\/wp-json\/wp\/v2\/comments?post=21795"}],"version-history":[{"count":1,"href":"http:\/\/www.grieta.org.mx\/index.php\/wp-json\/wp\/v2\/pages\/21795\/revisions"}],"predecessor-version":[{"id":21796,"href":"http:\/\/www.grieta.org.mx\/index.php\/wp-json\/wp\/v2\/pages\/21795\/revisions\/21796"}],"wp:featuredmedia":[{"embeddable":true,"href":"http:\/\/www.grieta.org.mx\/index.php\/wp-json\/wp\/v2\/media\/21928"}],"wp:attachment":[{"href":"http:\/\/www.grieta.org.mx\/index.php\/wp-json\/wp\/v2\/media?parent=21795"}],"curies":[{"name":"wp","href":"https:\/\/api.w.org\/{rel}","templated":true}]}}

Parques eólicos

México cuenta con uno de los potenciales más altos de generación de energía eólica en el mundo. El principal recurso eólico en México se localiza en el Istmo de Tehuantepec, comprendido entre los estados de Oaxaca, Chiapas, Tabasco y Veracruz, donde actualmente se desarrollan los parques eólicos terrestres a gran…

El Programa Nacional de Infraestructura (PNI) forma parte del Plan Nacional de Desarrollo cuya versión 2014 – 2018 contempla seis sectores estratégicos: 1. Comunicaciones y transportes, 2. Energía, 3. Hidráulico, 4. Salud, 5. Desarrollo urbano y vivienda, y 6. Turismo. En materia de Comunicaciones y Transportes éste se divide en…

El mal llamado Tren Maya es, tal vez, el proyecto más importante de "desarrollo socioeconómico", infraestructura y turismo del gobierno de Andrés Manuel López Obrador. El proyecto consiste en un servicio de transporte férreo que interconecta las principales ciudades y zonas turísticas de la península de Yucatán. El proyecto dice…

Según el Estudio Especial sobre la Situación de las Investigaciones sobre el Asesinato de Periodistas publicado en 2008, entre 1995 y 2005 habrían sido asesinados 157 periodistas, trabajadores y trabajadoras de medios de comunicación en 19 Estados Miembros de la OEA por razones posiblemente relacionadas con el ejercicio del periodismo.…

Según datos presentados por la FAO, México cuenta con aproximadamente 64 millones de hectáreas de bosques de clima templado y selvas que abarcan el 32% del territorio nacional. Adicionalmente el país cuenta con 56 millones de hectáreas de matorrales y cerca de 2 millones de hectáreas de vegetación hidrófila entre…

Zonas Económicas Especiales

El 27 de noviembre de 2014, un día después de que se cumplieran dos meses de la desaparición de 43 normalistas en Iguala, Enrique Peña Nieto anunció 10 acciones para “mejorar la seguridad, la justicia y el Estado de Derecho” en el país. Asimismo anunció la puesta en marcha de…
