{"id":57364,"date":"2021-03-08T14:41:08","date_gmt":"2021-03-08T20:41:08","guid":{"rendered":"http:\/\/www.grieta.org.mx\/wp-content\/uploads\/2021\/03\/2021-03-03_02-03-16___1992.jpg"},"modified":"2021-03-08T14:42:01","modified_gmt":"2021-03-08T20:42:01","slug":"mujer-feminista-muestra-una-cartulina-alusivas-a-la-violencia-contra-la-mujer-esto-durante-la-concentracion-feminista-denominada-las-ninas-no-se-tocan-que-se-llevo-a-cabo-a-un-costa","status":"inherit","type":"attachment","link":"http:\/\/www.grieta.org.mx\/index.php\/2021\/03\/03\/ven-irregular-proceso-por-abuso-infantil-de-funcionario-de-puerto-vallarta-jalisco\/mujer-feminista-muestra-una-cartulina-alusivas-a-la-violencia-contra-la-mujer-esto-durante-la-concentracion-feminista-denominada-las-ninas-no-se-tocan-que-se-llevo-a-cabo-a-un-costa\/","title":{"rendered":"Mujer feminista muestra una cartulina alusivas a la violencia contra la mujer, esto durante la concentraci\u00f3n feminista denominada \u201cLas Ni\u00f1as no se Tocan\u201d que se llevo a cabo a un costado de Palacio de Gobierno, los motivos pedir justicia por Elsy ni\u00f1a de 12 a\u00f1os de edad quien fue encontrada muerta con signos de violencia y abuso en d\u00edas pasados en el municipio de Tala, as\u00ed como por los acontecimientos pasados en Puerto Vallarta."},"author":2,"featured_media":0,"comment_status":"closed","ping_status":"closed","template":"","meta":{"ngg_post_thumbnail":0},"class_list":["post-57364","attachment","type-attachment","status-inherit","hentry","entry"],"jetpack_sharing_enabled":true,"jetpack_shortlink":"https:\/\/wp.me\/a7ZJR4-eVe","jetpack_likes_enabled":false,"description":{"rendered":"<p class=\"attachment\"><a href='http:\/\/www.grieta.org.mx\/wp-content\/uploads\/2021\/03\/2021-03-03_02-03-16___1992.jpg'><img loading=\"lazy\" decoding=\"async\" width=\"300\" height=\"200\" src=\"http:\/\/www.grieta.org.mx\/wp-content\/uploads\/2021\/03\/2021-03-03_02-03-16___1992-300x200.jpg\" class=\"attachment-medium size-medium\" alt=\"\" srcset=\"http:\/\/www.grieta.org.mx\/wp-content\/uploads\/2021\/03\/2021-03-03_02-03-16___1992-300x200.jpg 300w, http:\/\/www.grieta.org.mx\/wp-content\/uploads\/2021\/03\/2021-03-03_02-03-16___1992.jpg 750w\" sizes=\"auto, (max-width: 300px) 100vw, 300px\" data-attachment-id=\"57364\" data-permalink=\"http:\/\/www.grieta.org.mx\/index.php\/2021\/03\/03\/ven-irregular-proceso-por-abuso-infantil-de-funcionario-de-puerto-vallarta-jalisco\/mujer-feminista-muestra-una-cartulina-alusivas-a-la-violencia-contra-la-mujer-esto-durante-la-concentracion-feminista-denominada-las-ninas-no-se-tocan-que-se-llevo-a-cabo-a-un-costa\/\" data-orig-file=\"http:\/\/www.grieta.org.mx\/wp-content\/uploads\/2021\/03\/2021-03-03_02-03-16___1992.jpg\" data-orig-size=\"750,500\" data-comments-opened=\"0\" data-image-meta=\"{&quot;aperture&quot;:&quot;0&quot;,&quot;credit&quot;:&quot;Fernando Carranza&quot;,&quot;camera&quot;:&quot;&quot;,&quot;caption&quot;:&quot;GUADALAJARA, JALISCO, 20AGOSTO2020.- Un grupo de mujeres realizaron una concentraci\\u00f3n feminista a un costado de Palacio de Gobierno, los motivos pedir justicia por Elsy ni\\u00f1a de 12 a\\u00f1os de edad quien fue encontrada muerta con signos de violencia y abuso en d\\u00edas pasados en el municipio de Tala, as\\u00ed como por los acontecimientos pasados en Puerto Vallarta.\\rFOTO: FERNANDO CARRANZA GARCIA \/ CUARTOSCURO.COM&quot;,&quot;created_timestamp&quot;:&quot;1597932138&quot;,&quot;copyright&quot;:&quot;Fernando Carranza @Cuartoscuro&quot;,&quot;focal_length&quot;:&quot;0&quot;,&quot;iso&quot;:&quot;0&quot;,&quot;shutter_speed&quot;:&quot;0&quot;,&quot;title&quot;:&quot;Mujer feminista muestra una cartulina alusivas a la violencia contra la mujer, esto durante la concentraci\\u00f3n feminista denominada \\u201cLas Ni\\u00f1as no se Tocan\\u201d que se llevo a cabo a un costado de Palacio de Gobierno, los motivos pedir justicia por Elsy ni\\u00f1a de 12 a\\u00f1os de edad quien fue encontrada muerta con signos de violencia y abuso en d\\u00edas pasados en el municipio de Tala, as\\u00ed como por los acontecimientos pasados en Puerto Vallarta.&quot;,&quot;orientation&quot;:&quot;1&quot;}\" data-image-title=\"Mujer feminista muestra una cartulina alusivas a la violencia contra la mujer, esto durante la concentraci\u00f3n feminista denominada \u201cLas Ni\u00f1as no se Tocan\u201d que se llevo a cabo a un costado de Palacio de Gobierno, los motivos pedir justicia por Elsy ni\u00f1a de 12 a\u00f1os de edad quien fue encontrada muerta con signos de violencia y abuso en d\u00edas pasados en el municipio de Tala, as\u00ed como por los acontecimientos pasados en Puerto Vallarta.\" data-image-description=\"\" data-image-caption=\"\" data-medium-file=\"http:\/\/www.grieta.org.mx\/wp-content\/uploads\/2021\/03\/2021-03-03_02-03-16___1992-300x200.jpg\" data-large-file=\"http:\/\/www.grieta.org.mx\/wp-content\/uploads\/2021\/03\/2021-03-03_02-03-16___1992.jpg\" \/><\/a><\/p>\n"},"caption":{"rendered":""},"alt_text":"","media_type":"image","mime_type":"image\/jpeg","media_details":{"width":750,"height":500,"file":"2021\/03\/2021-03-03_02-03-16___1992.jpg","sizes":{"medium":{"file":"2021-03-03_02-03-16___1992-300x200.jpg","width":300,"height":200,"mime_type":"image\/jpeg","source_url":"http:\/\/www.grieta.org.mx\/wp-content\/uploads\/2021\/03\/2021-03-03_02-03-16___1992-300x200.jpg"},"thumbnail":{"file":"2021-03-03_02-03-16___1992-150x150.jpg","width":150,"height":150,"mime_type":"image\/jpeg","source_url":"http:\/\/www.grieta.org.mx\/wp-content\/uploads\/2021\/03\/2021-03-03_02-03-16___1992-150x150.jpg"},"post-thumbnail":{"file":"2021-03-03_02-03-16___1992-130x130.jpg","width":130,"height":130,"mime_type":"image\/jpeg","source_url":"http:\/\/www.grieta.org.mx\/wp-content\/uploads\/2021\/03\/2021-03-03_02-03-16___1992-130x130.jpg"},"wptouch-new-thumbnail":{"file":"2021-03-03_02-03-16___1992-144x144.jpg","width":144,"height":144,"mime_type":"image\/jpeg","source_url":"http:\/\/www.grieta.org.mx\/wp-content\/uploads\/2021\/03\/2021-03-03_02-03-16___1992-144x144.jpg"},"full":{"file":"2021-03-03_02-03-16___1992.jpg","width":750,"height":500,"mime_type":"image\/jpeg","source_url":"http:\/\/www.grieta.org.mx\/wp-content\/uploads\/2021\/03\/2021-03-03_02-03-16___1992.jpg"}},"image_meta":{"aperture":"0","credit":"Fernando Carranza","camera":"","caption":"GUADALAJARA, JALISCO, 20AGOSTO2020.- Un grupo de mujeres realizaron una concentraci\u00f3n feminista a un costado de Palacio de Gobierno, los motivos pedir justicia por Elsy ni\u00f1a de 12 a\u00f1os de edad quien fue encontrada muerta con signos de violencia y abuso en d\u00edas pasados en el municipio de Tala, as\u00ed como por los acontecimientos pasados en Puerto Vallarta.\rFOTO: FERNANDO CARRANZA GARCIA \/ CUARTOSCURO.COM","created_timestamp":"1597932138","copyright":"Fernando Carranza @Cuartoscuro","focal_length":"0","iso":"0","shutter_speed":"0","title":"Mujer feminista muestra una cartulina alusivas a la violencia contra la mujer, esto durante la concentraci\u00f3n feminista denominada \u201cLas Ni\u00f1as no se Tocan\u201d que se llevo a cabo a un costado de Palacio de Gobierno, los motivos pedir justicia por Elsy ni\u00f1a de 12 a\u00f1os de edad quien fue encontrada muerta con signos de violencia y abuso en d\u00edas pasados en el municipio de Tala, as\u00ed como por los acontecimientos pasados en Puerto Vallarta.","orientation":"1","keywords":["Guadalajara","Jalisco","Tala","Puerto Vallarta","municipio","Mujeres","concentraci\u00f3n feminista","palacio de gobierno","Elsy","ni\u00f1a","Muerta","abuso","violencia"]}},"post":57363,"source_url":"http:\/\/www.grieta.org.mx\/wp-content\/uploads\/2021\/03\/2021-03-03_02-03-16___1992.jpg","_links":{"self":[{"href":"http:\/\/www.grieta.org.mx\/index.php\/wp-json\/wp\/v2\/media\/57364","targetHints":{"allow":["GET"]}}],"collection":[{"href":"http:\/\/www.grieta.org.mx\/index.php\/wp-json\/wp\/v2\/media"}],"about":[{"href":"http:\/\/www.grieta.org.mx\/index.php\/wp-json\/wp\/v2\/types\/attachment"}],"author":[{"embeddable":true,"href":"http:\/\/www.grieta.org.mx\/index.php\/wp-json\/wp\/v2\/users\/2"}],"replies":[{"embeddable":true,"href":"http:\/\/www.grieta.org.mx\/index.php\/wp-json\/wp\/v2\/comments?post=57364"}],"wp:attached-to":[{"embeddable":true,"post_type":"post","id":57363,"href":"http:\/\/www.grieta.org.mx\/index.php\/wp-json\/wp\/v2\/posts\/57363"}],"curies":[{"name":"wp","href":"https:\/\/api.w.org\/{rel}","templated":true}]}}

Mujer feminista muestra una cartulina alusivas a la violencia contra la mujer, esto durante la concentración feminista denominada “Las Niñas no se Tocan” que se llevo a cabo a un costado de Palacio de Gobierno, los motivos pedir justicia por Elsy niña de 12 años de edad quien fue encontrada muerta con signos de violencia y abuso en días pasados en el municipio de Tala, así como por los acontecimientos pasados en Puerto Vallarta.

<p class="attachment"><a href='http://www.grieta.org.mx/wp-content/uploads/2021/03/2021-03-03_02-03-16___1992.jpg'><img loading="lazy" decoding="async" width="300" height="200" src="http://www.grieta.org.mx/wp-content/uploads/2021/03/2021-03-03_02-03-16___1992-300x200.jpg" class="attachment-medium size-medium" alt="" srcset="http://www.grieta.org.mx/wp-content/uploads/2021/03/2021-03-03_02-03-16___1992-300x200.jpg 300w, http://www.grieta.org.mx/wp-content/uploads/2021/03/2021-03-03_02-03-16___1992.jpg 750w" sizes="auto, (max-width: 300px) 100vw, 300px" data-attachment-id="57364" data-permalink="http://www.grieta.org.mx/index.php/2021/03/03/ven-irregular-proceso-por-abuso-infantil-de-funcionario-de-puerto-vallarta-jalisco/mujer-feminista-muestra-una-cartulina-alusivas-a-la-violencia-contra-la-mujer-esto-durante-la-concentracion-feminista-denominada-las-ninas-no-se-tocan-que-se-llevo-a-cabo-a-un-costa/" data-orig-file="http://www.grieta.org.mx/wp-content/uploads/2021/03/2021-03-03_02-03-16___1992.jpg" data-orig-size="750,500" data-comments-opened="0" data-image-meta="{&quot;aperture&quot;:&quot;0&quot;,&quot;credit&quot;:&quot;Fernando Carranza&quot;,&quot;camera&quot;:&quot;&quot;,&quot;caption&quot;:&quot;GUADALAJARA, JALISCO, 20AGOSTO2020.- Un grupo de mujeres realizaron una concentraci\u00f3n feminista a un costado de Palacio de Gobierno, los motivos pedir justicia por Elsy ni\u00f1a de 12 a\u00f1os de edad quien fue encontrada muerta con signos de violencia y abuso en d\u00edas pasados en el municipio de Tala, as\u00ed como por los acontecimientos pasados en Puerto Vallarta.\rFOTO: FERNANDO CARRANZA GARCIA / CUARTOSCURO.COM&quot;,&quot;created_timestamp&quot;:&quot;1597932138&quot;,&quot;copyright&quot;:&quot;Fernando Carranza @Cuartoscuro&quot;,&quot;focal_length&quot;:&quot;0&quot;,&quot;iso&quot;:&quot;0&quot;,&quot;shutter_speed&quot;:&quot;0&quot;,&quot;title&quot;:&quot;Mujer feminista muestra una cartulina alusivas a la violencia contra la mujer, esto durante la concentraci\u00f3n feminista denominada \u201cLas Ni\u00f1as no se Tocan\u201d que se llevo a cabo a un costado de Palacio de Gobierno, los motivos pedir justicia por Elsy ni\u00f1a de 12 a\u00f1os de edad quien fue encontrada muerta con signos de violencia y abuso en d\u00edas pasados en el municipio de Tala, as\u00ed como por los acontecimientos pasados en Puerto Vallarta.&quot;,&quot;orientation&quot;:&quot;1&quot;}" data-image-title="Mujer feminista muestra una cartulina alusivas a la violencia contra la mujer, esto durante la concentración feminista denominada “Las Niñas no se Tocan” que se llevo a cabo a un costado de Palacio de Gobierno, los motivos pedir justicia por Elsy niña de 12 años de edad quien fue encontrada muerta con signos de violencia y abuso en días pasados en el municipio de Tala, así como por los acontecimientos pasados en Puerto Vallarta." data-image-description="" data-image-caption="" data-medium-file="http://www.grieta.org.mx/wp-content/uploads/2021/03/2021-03-03_02-03-16___1992-300x200.jpg" data-large-file="http://www.grieta.org.mx/wp-content/uploads/2021/03/2021-03-03_02-03-16___1992.jpg" /></a></p>

GUADALAJARA, JALISCO, 20AGOSTO2020.- Un grupo de mujeres realizaron una concentración feminista a un costado de Palacio de Gobierno, los motivos pedir justicia por Elsy niña de 12 años de edad quien fue encontrada muerta con signos de violencia y abuso en días pasados en el municipio de Tala, así como por los acontecimientos pasados en Puerto Vallarta.FOTO: FERNANDO CARRANZA GARCIA / CUARTOSCURO.COM

concentración feminista

niña
